{"id":9740,"date":"2014-08-04T21:27:43","date_gmt":"2014-08-04T21:27:43","guid":{"rendered":"http:\/\/localhost:8888\/craigswapp\/?page_id=5"},"modified":"2021-05-10T14:07:29","modified_gmt":"2021-05-10T14:07:29","slug":"salt-lake-city","status":"publish","type":"page","link":"https:\/\/craigswapp.com\/spanish\/salt-lake-city\/","title":{"rendered":"Abogado de Lesiones Personales en Salt Lake City"},"content":{"rendered":"<p>\nCon 250 a\u00f1os de experiencia total en el campo legal, un experto abogado de lesiones personales en Salt Lake City de Craig Swapp &amp; Associates es verdaderamente su abogado para la justicia de compa\u00f1\u00edas de seguros injustas, agresivos acreedores, bur\u00f3cratas indiferentes y fiscales irrazonables.<\/p>\n<p>Un abogado de lesiones de Craig Swapp &amp; Associates tendr\u00e1 la experiencia y conocimientos legales para manejar con \u00e9xito una amplia gama de casos de lesiones personales, incluyendo cualquiera de los siguientes:<\/p>\n<ul>\n<li><a href=\"https:\/\/craigswapp.com\/spanish\/abogado-de-accidente-de-carro-en-salt-lake-city\/\">Accidentes de auto<\/a> (carro, camiones, motocicleta, bus, tren, avi\u00f3n, etc.)<\/li>\n<li><a href=\"https:\/\/craigswapp.com\/spanish\/abogado-accidente-bicicleta-salt-lake-city\/\">Accidentes de bicicleta<\/a><\/li>\n<li><a href=\"https:\/\/www.craigswapp.com\/pedestrian-accident-lawyer\/\">Accidentes Peatonales<\/a><\/li>\n<li>Responsablidad del edificio<\/li>\n<li><a href=\"https:\/\/craigswapp.com\/spanish\/abogado-mordida-perro\/\">Mordeduras de perro<\/a><\/li>\n<li>Dispositivos medicos defectivos<\/li>\n<li>Productos defectivos<\/li>\n<li>Drogas defectivas<\/li>\n<li>Hostigamiento f\u00edsico y sexual<\/li>\n<li><a href=\"https:\/\/www.ninds.nih.gov\/disorders\/\" target=\"_blank\" rel=\"noopener noreferrer\">Lesi\u00f3n cerebral traum\u00e1tica (LCT)<\/a><\/li>\n<li>Lesiones graves o muerte injusta<\/li>\n<li>Accidentes de construcci\u00f3n<\/li>\n<\/ul>\n<p>Tambi\u00e9n contamos con abogados experimentados disponibles para manejar importantes \u00e1reas de pr\u00e1ctica de consumo, tales como beneficios de quiebra o beneficios negados de veteranos u otros conflictos que podr\u00edan haberle afectado psicol\u00f3gicamente.<\/p>\n<p>&nbsp;<\/p>\n<h2>Nuestros Abogados de Lesiones<\/h2>\n<p>Craig Swapp &amp; Associates abogados de lesiones personales tienen licencia para practicar en nueve estados occidentales, as\u00ed como el Distrito de Columbia. A lo largo de los a\u00f1os, hemos ganado la experiencia de litigio necesaria para llevar cualquier caso a mediaci\u00f3n, arbitraje o juicio. Podemos manejar cualquier jurisdicci\u00f3n, ya sea local, estatal o federal.<\/p>\n<p>La capacidad de nuestros abogados de accidentes para litigar con \u00e9xito y agresivamente los casos de lesiones personales significa que las compa\u00f1\u00edas de seguros, agencias gubernamentales y otros acusados tienen m\u00e1s probabilidades de negociar acuerdos justos y completos para nuestros clientes.<\/p>\n<p>Aunque nuestros abogados se han graduado de algunas de las mejores facultades de derecho del pa\u00eds y han superado rigurosos ex\u00e1menes de abogados, sabemos que es importante que contin\u00faen mejorando sus habilidades legales. Cada pocos meses, nuestros abogados asisten a cursos legales certificados para mantenerse al d\u00eda con la ley y para aprender las \u00faltimas y mejores estrategias legales. Nuestro objetivo es asegurarnos de que nuestros abogados tengan todas las herramientas disponibles para beneficiar los intereses legales de nuestros clientes.<\/p>\n<p>&nbsp;<\/p>\n<h2>Como Hacemos las Cosas mas Faciles para Usted<\/h2>\n<p>Los principales componentes de los casos de lesiones personales son f\u00edsicos y psicol\u00f3gicos. A\u00fan puede estar en algo parecido a un shock, habiendo tenido su fundaci\u00f3n sacudida por la desgracia o lesi\u00f3n. Despu\u00e9s de un accidente, puede estar paralizado con las preocupaciones de c\u00f3mo usted ser\u00e1 capaz de hacer frente a esto financieramente, en quien puede confiar, y lo que debe decir a un ajustador de siniestros. Dependiendo de la gravedad de su lesi\u00f3n, este accidente puede afectarle por el resto de su vida.<\/p>\n<p>Un abogado de lesiones personales en Salt Lake City de Craig Swapp y Asociados entender\u00e1 que este podr\u00eda ser un momento muy doloroso, frustrante y vulnerable para usted. Sabemos que la perspectiva de asumir un caso legal podr\u00eda parecer una batalla cuesta arriba y muy probablemente no ser\u00e1 lo que usted quiere tratar ahora.<\/p>\n<p>En realidad, la mayor\u00eda de las personas se sienten aliviados una vez que el proceso legal est\u00e1 en marcha y saben que ya no tienen que asumir la carga sola. Podemos asegurarle que una vez que comencemos a trabajar con usted, la mayor parte del trabajo estar\u00e1 en nuestras manos.<\/p>\n<p>El resultado suele ser un acuerdo de una compa\u00f1\u00eda de seguros, ya sea el suyo, el suyo, o ambos. Si m\u00e1s partes estuvieran involucradas, entonces eso tambi\u00e9n se aplica. Llamar a hablar con nosotros es gratis sin ning\u00fan compromiso de su parte.<\/p>\n<p>&nbsp;<\/p>\n<h2>Como Funciona nuestro Personal con su Caso<\/h2>\n<p>Seleccionamos a mano a un equipo que no solo tiene el s\u00f3lido bagaje legal y la unidad para luchar por lo que se merece, sino que tambi\u00e9n nos aseguramos de que nuestros empleados sean emp\u00e1ticos adem\u00e1s de ser altamente efectivos. Nuestros testimonios en este sitio web demuestran que tratar cada caso con el m\u00e1ximo cuidado, profesionalidad y gravedad es nuestra prioridad.<\/p>\n<p>Quiz\u00e1s usted quisiera cerciorarse de que el perpetrador sea llevado a cabo responsable de sus acciones o quiz\u00e1s usted quisiera ver si una recompensa financiera es posible. Es vital que usted se ponga en contacto con Craig Swapp y Asociados tan pronto como sea posible para que pueda discutir su caso con un abogado de lesiones personales en Salt Lake City. La evidencia puede desaparecer o estar cubierta si espera.<\/p>\n<p>Adem\u00e1s, si se ha lesionado, queremos asegurarnos de que est\u00e1 manejando sus facturas m\u00e9dicas y sus citas m\u00e9dicas de la mejor manera posible. Utah tiene algunos estatutos agresivos de limitaci\u00f3n, y usted no quiere tiempo para ejecutar en usted tambi\u00e9n.<\/p>\n<p>Todos los abogados de accidentes de Craig Swapp &amp; Associates cuentan con la ayuda de paralegales capacitados y otros asistentes legales que est\u00e1n ansiosos por ayudar a los clientes con sus preguntas y ayudar a monitorear el progreso del caso. Si tiene alguna pregunta sobre su caso, puede ponerse en contacto con su abogado o uno de sus asistentes legales.<\/p>\n<p>Nuestro objetivo es mantenerle plenamente informado sobre el progreso de su caso y asegurar que sus derechos est\u00e9n totalmente protegidos. Puesto que usted est\u00e1 entrando en lo desconocido, nos aseguramos de que est\u00e9 consciente de lo que puede esperar en el futuro. No tomamos la confianza que usted nos ha puesto en la concesi\u00f3n.<\/p>\n<p>&nbsp;<\/p>\n<h2>\u00bfTendr\u00e9 que ir al Juico?<\/h2>\n<p>Trabajar con un abogado de lesiones personales en Salt Lake City no significa necesariamente que su caso tiene que ir a juicio. Se llega a un acuerdo en la mayor\u00eda de los casos de lesiones personales antes de que una fecha de corte sea necesaria. A veces, sin embargo, la mejor manera de obtener lo que mereces es ir a los tribunales o al menos dejar claro que est\u00e1s dispuesto a presentar una demanda. Un abogado de lesiones personales en Salt Lake City puede decirle si su situaci\u00f3n justificar\u00eda uno.<\/p>\n<p>&nbsp;<\/p>\n<h2>Por qu\u00e9 no debe Lidiar Solo con las Compa\u00f1\u00edas de Seguros<\/h2>\n<p>Desde la primera vez que se habla con una compa\u00f1\u00eda de seguros, ya sea la suya o la de la otra parte, que estar\u00e1n tomando notas y tratando de encontrar maneras de culpar a algunos de la causa de la lesi\u00f3n en usted.<\/p>\n<p>Utah sigue las leyes de negligencia comparativa, por lo que si usted es parcialmente responsable, s\u00f3lo obtiene un pago parcial. Si el tribunal considera que usted es responsable por m\u00e1s del 50 por ciento, no se le otorgar\u00e1 un acuerdo en absoluto. Hemos tratado con casos como estos y sabemos c\u00f3mo obtener la mayor compensaci\u00f3n de las compa\u00f1\u00edas de seguros.<\/p>\n<p>&nbsp;<\/p>\n<h2>Algunas de los Da\u00f1os Financieros que Buscamos<\/h2>\n<p>Un abogado de lesiones personales en Salt Lake City de nuestra oficina tendr\u00e1 un conocimiento sustancial de la ley y sabr\u00e1 c\u00f3mo aplicarla a su beneficio. Le ayudaremos a buscar una compensaci\u00f3n por cualquier gasto incurrido por su lesi\u00f3n:<\/p>\n<ul>\n<li>Salarios e ingresos perdidos acutales y futuros<\/li>\n<li>Factura m\u00e9dica y fisioterapia<\/li>\n<li>Dolor y sufrimiento<\/li>\n<li>P\u00e9rdida del disfrute<\/li>\n<li>P\u00e9rdida financiera que afecta al c\u00f3nyuge ya a sus dependientes<\/li>\n<li>P\u00e9rdida o reducci\u00f3n de la relaci\u00f3n matrimonial<\/li>\n<\/ul>\n<p>&nbsp;<\/p>\n<h2>P\u00f3ngase en Contacto con un Abogado de Lesiones Personales en Salt Lake City Hoy<\/h2>\n<p>Como abogados de lesiones personales, queremos asegurarnos de que quien lo perjudique sea responsable y se abstenga de comportamiento\u00a0<a href=\"https:\/\/www.utcourts.gov\/resources\/muji\/inc_list.asp?action=showRule&amp;id=2\" target=\"_blank\" rel=\"noopener noreferrer\">negligente<\/a>\u00a0en el futuro. Demasiadas personas inocentes sufren como resultado de un comportamiento irresponsable y ego\u00edsta. Nuestro compromiso es conseguir justicia para nuestros clientes y una compensaci\u00f3n justa.<\/p>\n<p>Estamos muy orgullosos de tratar cada caso con el mayor cuidado y explorar todos los \u00e1ngulos. Creemos que cada persona con una queja por lesiones personales merece respeto y ayuda para lidiar con las complejidades de la ley.<\/p>\n<p>Al elegir a Craig Swapp &amp; Associates como su representante legal, puede sentirse c\u00f3modo al saber que nuestros abogados y personal legal est\u00e1n dedicados a ayudarle en su b\u00fasqueda de justicia.\u00a0<a href=\"https:\/\/craigswapp.com\/spanish\/contactenos\/\">Contacte<\/a>\u00a0un especializado abogado de lesiones personales en Salt Lake City llamando hoy <a href=\"tel:18004049000\" target=\"_blank\" rel=\"noopener noreferrer\">1-855-628-5050<\/a>\u00a0o utilizando nuestro sitio de web.<\/p>\n","protected":false},"excerpt":{"rendered":"<p>Con 250 a\u00f1os de experiencia total en el campo legal, un experto abogado de lesiones personales en Salt Lake City de Craig Swapp &amp; Associates [&hellip;]<\/p>\n","protected":false},"author":2,"featured_media":0,"parent":0,"menu_order":0,"comment_status":"open","ping_status":"open","template":"","meta":{"_acf_changed":false,"inline_featured_image":false,"footnotes":""},"class_list":["post-9740","page","type-page","status-publish","hentry"],"acf":[],"_links":{"self":[{"href":"https:\/\/craigswapp.com\/spanish\/wp-json\/wp\/v2\/pages\/9740","targetHints":{"allow":["GET"]}}],"collection":[{"href":"https:\/\/craigswapp.com\/spanish\/wp-json\/wp\/v2\/pages"}],"about":[{"href":"https:\/\/craigswapp.com\/spanish\/wp-json\/wp\/v2\/types\/page"}],"author":[{"embeddable":true,"href":"https:\/\/craigswapp.com\/spanish\/wp-json\/wp\/v2\/users\/2"}],"replies":[{"embeddable":true,"href":"https:\/\/craigswapp.com\/spanish\/wp-json\/wp\/v2\/comments?post=9740"}],"version-history":[{"count":1,"href":"https:\/\/craigswapp.com\/spanish\/wp-json\/wp\/v2\/pages\/9740\/revisions"}],"predecessor-version":[{"id":11099,"href":"https:\/\/craigswapp.com\/spanish\/wp-json\/wp\/v2\/pages\/9740\/revisions\/11099"}],"wp:attachment":[{"href":"https:\/\/craigswapp.com\/spanish\/wp-json\/wp\/v2\/media?parent=9740"}],"curies":[{"name":"wp","href":"https:\/\/api.w.org\/{rel}","templated":true}]}}