{"id":8773,"date":"2017-10-20T08:22:54","date_gmt":"2017-10-20T14:22:54","guid":{"rendered":"https:\/\/www.craigswapp.com\/?page_id=8773"},"modified":"2021-05-12T12:46:00","modified_gmt":"2021-05-12T12:46:00","slug":"abogado-muerte-injusta-seattle","status":"publish","type":"page","link":"https:\/\/craigswapp.com\/spanish\/seattle-personal-injury-lawyer\/abogado-muerte-injusta-seattle\/","title":{"rendered":"Abogado de muerte injusta en Seattle"},"content":{"rendered":"<br \/>\n<blockquote><p><em>Despu\u00e9s de la muerte de un ser querido, obtener justicia a menudo es una parte necesaria del proceso de duelo. Permita que un abogado de muerte injusta en Seattle lo ayude a obtener justicia financiera por la muerte injusta de su ser querido.<\/em><\/p><\/blockquote>\n<p>Lo \u00fanico m\u00e1s tr\u00e1gico que la muerte de un ser querido es cuando la muerte de su ser querido podr\u00eda haberse evitado. Desafortunadamente, las acciones negligentes o imprudentes de otras personas pueden lesionar fatalmente a nuestros seres queridos, alej\u00e1ndolos para siempre de nosotros y cambiando nuestras vidas.<\/p>\n<p>Este tipo de tragedia no deber\u00eda quedar impune si alguien tiene la culpa. Es por eso que el estado de Washington permite a los familiares de las personas fallecidas presentar demandas por muerte injusta contra las personas responsables.<\/p>\n<p>Estos reclamos intentan restaurar el sentido de justicia para los miembros de la familia al proporcionar una compensaci\u00f3n para justificar la p\u00e9rdida de un ser querido. Por supuesto, recuperar esta compensaci\u00f3n no es f\u00e1cil, y nada puede compensar el fallecimiento de un ser querido.<\/p>\n<p>Aun as\u00ed, es importante responsabilizar a las partes negligentes, tanto para usted como para su ser querido, y para evitar tragedias similares en el futuro. Para obtener ayuda mientras busca compensaci\u00f3n por muerte injusta, comun\u00edquese con un abogado de muerte injusta en Seattle de Craig Swapp &amp; Associates.<\/p>\n<h2>\u00bfTiene un caso de muerte injusta?<\/h2>\n<p>Seg\u00fan la ley del estado de Washington, solo un pu\u00f1ado de personas puede presentar un reclamo por muerte injusta. Si no es una de estas personas, es probable que no puede recuperar el arreglo por la muerte en cuesti\u00f3n.<\/p>\n<p>La ley permite a las siguientes partes presentar demandas por muerte injusta en Seattle:<\/p>\n<ul>\n<li>C\u00f3nyuges o parejas de hecho del difunto<\/li>\n<li>Hijos o hijastros de los fallecidos<\/li>\n<li>Representantes oficiales de la herencia del difunto<\/li>\n<li>Padres y hermanos del difunto (cuando no hay c\u00f3nyuges, parejas, hijos o hijastros)<\/li>\n<\/ul>\n<p>Si no est\u00e1 en la lista anterior, es poco probable que pueda presentar un reclamo por muerte injusta.<\/p>\n<h2>Los accidentes que causan muertes injustas<\/h2>\n<p>Un reclamo exitoso de muerte por negligencia demostrar\u00e1 que otra parte caus\u00f3 la muerte de su ser querido a trav\u00e9s de acciones negligentes o inacci\u00f3n. Negligencia es un t\u00e9rmino amplio que abarca una amplia variedad de comportamientos. Los siguientes son algunos ejemplos de accidentes que a menudo implican negligencia y pueden conducir a reclamos de muerte por negligencia en Seattle:<\/p>\n<ul>\n<li><strong>Accidentes automovil\u00edsticos<\/strong> &#8211; los accidentes automovil\u00edsticos mortales son muy comunes en las carreteras de Seattle, y a menudo son el resultado de la falta de cuidado de otro conductor. Los conductores imprudentes y descuidados pueden ser responsables de las muertes que causan.<\/li>\n<li><strong>Accidentes de motocicletas<\/strong> &#8211; los motociclistas son vulnerables a las acciones negligentes de todos los dem\u00e1s conductores en la carretera. Con poca protecci\u00f3n externa, los motociclistas se enfrentan a la amenaza de lesiones fatales incluso en choques de baja velocidad.<\/li>\n<li><strong>Accidentes de camiones &#8211;<\/strong>\u00a0los accidentes que involucran camiones grandes y camiones de 18 ruedas com\u00fanmente conducen a casos de muerte por negligencia en Seattle. Estos veh\u00edculos peligrosos y enormes pueden causar accidentes fatales casi instant\u00e1neamente.<\/li>\n<li><strong>Negligencia m\u00e9dica &#8211;<\/strong>\u00a0los errores m\u00e9dicos se encuentran consistentemente entre las principales causas de muerte en la naci\u00f3n. Si un proveedor de servicios de salud fue negligente en el cuidado de su ser querido, y esa negligencia caus\u00f3 la muerte de su ser querido, puede pedirle cuentas al proveedor de servicios de salud en su reclamo de muerte por negligencia.<\/li>\n<li><strong>Productos defectuosos &#8211;<\/strong>\u00a0cuando los medicamentos est\u00e1n contaminados, la comida es venenosa o los productos electr\u00f3nicos son explosivos, pueden producirse lesiones y muertes. Los fabricantes pueden ser considerados responsables de los errores fatales que cometen.<\/li>\n<li><strong>Responsabilidad del local &#8211;<\/strong>\u00a0aquellos que poseen propiedades, ya sean comerciales o residenciales, son responsables de mantener esa propiedad segura para los visitantes. Eso significa que pueden ser considerados responsables de cualquier muerte que ocurra en sus terrenos debido a su negligencia. Las causas comunes de las reclamaciones por muerte injusta en premisas en Seattle incluyen ataques de perros y accidentes por resbalones y ca\u00eddas.<\/li>\n<\/ul>\n<p>Para probar la negligencia en cualquiera de los escenarios anteriores, deber\u00e1 reunir pruebas y generar un reclamo s\u00f3lido. Este es un momento particularmente \u00fatil para tener un abogado de muerte injusta en Seattle a su lado.<\/p>\n<h2>C\u00f3mo puede ser compensado<\/h2>\n<p>Si su reclamo por muerte injusta en Seattle es exitoso, ser\u00e1 compensado por todas las p\u00e9rdidas y privaciones asociadas con la muerte de su ser querido. Estas p\u00e9rdidas pueden ser de naturaleza financiera, por supuesto, y pueden explicar el sufrimiento emocional.<\/p>\n<p>Los siguientes son algunos de los da\u00f1os comunes enumerados en los reclamos por muerte injusta:<\/p>\n<ul>\n<li>Gastos m\u00e9dicos que conducen a la muerte de su ser querido<\/li>\n<li>Ingresos que su ser querido habr\u00eda contribuido a su hogar<\/li>\n<li>Gastos de funeral<\/li>\n<li>Dolor y sufrimiento asociados con el fallecimiento de su ser querido<\/li>\n<li>P\u00e9rdida de cuidado, gu\u00eda y compa\u00f1erismo de su ser querido<\/li>\n<\/ul>\n<h2>Llame a un abogado de muerte injusta en Seattle<\/h2>\n<p>En este momento dif\u00edcil, es importante permitirse el duelo. Permita que Craig Swapp &amp; Associates maneje su reclamo de muerte injusta mientras se enfoca en afligir adecuadamente a su ser querido.<\/p>\n<p>Lucharemos por justicia financiera para el fallecimiento de su ser querido. Ll\u00e1menos al 1-800-404-9000 o complete el siguiente formulario para programar una consulta gratuita con un abogado de muerte injusta en Seattle.<\/p>\n","protected":false},"excerpt":{"rendered":"<p>Despu\u00e9s de la muerte de un ser querido, obtener justicia a menudo es una parte necesaria del proceso de duelo. Permita que un abogado de [&hellip;]<\/p>\n","protected":false},"author":2,"featured_media":0,"parent":8768,"menu_order":0,"comment_status":"closed","ping_status":"closed","template":"","meta":{"_acf_changed":false,"inline_featured_image":false,"footnotes":""},"class_list":["post-8773","page","type-page","status-publish","hentry"],"acf":[],"_links":{"self":[{"href":"https:\/\/craigswapp.com\/spanish\/wp-json\/wp\/v2\/pages\/8773","targetHints":{"allow":["GET"]}}],"collection":[{"href":"https:\/\/craigswapp.com\/spanish\/wp-json\/wp\/v2\/pages"}],"about":[{"href":"https:\/\/craigswapp.com\/spanish\/wp-json\/wp\/v2\/types\/page"}],"author":[{"embeddable":true,"href":"https:\/\/craigswapp.com\/spanish\/wp-json\/wp\/v2\/users\/2"}],"replies":[{"embeddable":true,"href":"https:\/\/craigswapp.com\/spanish\/wp-json\/wp\/v2\/comments?post=8773"}],"version-history":[{"count":2,"href":"https:\/\/craigswapp.com\/spanish\/wp-json\/wp\/v2\/pages\/8773\/revisions"}],"predecessor-version":[{"id":11127,"href":"https:\/\/craigswapp.com\/spanish\/wp-json\/wp\/v2\/pages\/8773\/revisions\/11127"}],"up":[{"embeddable":true,"href":"https:\/\/craigswapp.com\/spanish\/wp-json\/wp\/v2\/pages\/8768"}],"wp:attachment":[{"href":"https:\/\/craigswapp.com\/spanish\/wp-json\/wp\/v2\/media?parent=8773"}],"curies":[{"name":"wp","href":"https:\/\/api.w.org\/{rel}","templated":true}]}}