{"id":8770,"date":"2017-10-19T08:12:22","date_gmt":"2017-10-19T14:12:22","guid":{"rendered":"https:\/\/www.craigswapp.com\/?page_id=8770"},"modified":"2021-05-10T14:10:12","modified_gmt":"2021-05-10T14:10:12","slug":"abogado-accidente-motocicleta-seattle","status":"publish","type":"page","link":"https:\/\/craigswapp.com\/spanish\/seattle-personal-injury-lawyer\/abogado-accidente-motocicleta-seattle\/","title":{"rendered":"Abogado de accidentes de motocicleta en Seattle"},"content":{"rendered":"<br \/>\n<blockquote><p><em>Despu\u00e9s de un accidente de motocicleta, puede ser dif\u00edcil ver m\u00e1s all\u00e1 del dolor y los factores estresantes inmediatos para un futuro mejor. Permita que un abogado de accidentes de motocicleta en Seattle lo ayude a comprender c\u00f3mo seguir adelante con su vida.<\/em><\/p><\/blockquote>\n<p>Despu\u00e9s de un accidente de motocicleta, puede ser dif\u00edcil ver m\u00e1s all\u00e1 del dolor y los factores estresantes inmediatos para un futuro mejor. Permita que un abogado de accidentes de motocicleta en Seattle lo ayude a comprender c\u00f3mo seguir adelante con su vida.<\/p>\n<p>Despu\u00e9s de que haya sido lesionado en un accidente de motocicleta, no tiene que recordar qu\u00e9 tan dolorosas pueden ser las lesiones por accidentes de motocicleta. No es necesario que le digan que su recuperaci\u00f3n puede ser dif\u00edcil, larga y costosa. Ya sabe que ha sido injustamente cargado con todos los costos de su accidente.<\/p>\n<p>Pero hay algo que puede necesitar que le recordemos: si su accidente de motocicleta fue culpa de otra persona, puede ser elegible para una compensaci\u00f3n para cubrir todos sus gastos y dificultades relacionadas con accidentes.<\/p>\n<p>Si elige presentar una reclamaci\u00f3n por lesiones personales para obtener esa compensaci\u00f3n, es probable que golpee algunos baches metaf\u00f3ricos en el camino. Pero con la ayuda de un abogado de accidentes de motocicleta en Seattle de Craig Swapp &amp; Associates, puede superar esos obst\u00e1culos y ganar la compensaci\u00f3n que se le debe.<\/p>\n<h2>Las causas de los accidentes de motocicleta en Seattle<\/h2>\n<p>Despu\u00e9s de que haya sido dado de alta del hospital y haya decidido buscar una arreglo por su accidente de motocicleta en Seattle, el pr\u00f3ximo paso que usted y su abogado tomar\u00e1n es averiguar qu\u00e9 caus\u00f3 su accidente. Incluso si la causa parece obvia, es importante identificar claramente todos los factores contribuyentes para que pueda nombrar con exactitud a todas las partes responsables en su reclamo de compensaci\u00f3n.<\/p>\n<p>Las siguientes son algunas causas comunes de accidentes de motocicleta:<\/p>\n<ul>\n<li><strong>Controladores desatentos<\/strong> &#8211; los conductores de autom\u00f3viles y camiones han ajustado sus cerebros para detectar otros autom\u00f3viles y camiones, no motocicletas. Desafortunadamente, este problema provoca muchos accidentes de motocicletas en Seattle y en otros lugares. Pero no verle no es una excusa para golpearle; puede mantener a los conductores desatentos responsables de sus acciones o inacci\u00f3n.<\/li>\n<li><strong>Conductores ebrios y somnolientos &#8211;<\/strong>\u00a0conducir ebrio es ilegal, y aunque conducir so\u00f1oliento no es ilegal, ambos comportamientos pueden considerarse negligentes cuando causan un accidente de motocicleta. Estar borracho o somnoliento mientras maneja un autom\u00f3vil solo disminuir\u00e1 los tiempos de reacci\u00f3n y har\u00e1 que los conductores sean m\u00e1s propensos a golpear a los motociclistas y a otros conductores.<\/li>\n<li><strong>Caminos peligrosos &#8211;<\/strong>\u00a0debido a su peque\u00f1o tama\u00f1o, las motocicletas son particularmente vulnerables a baches, carriles desiguales y otros peligros en la carretera. En la mayor\u00eda de los casos, las agencias gubernamentales locales tienen la tarea de mantener las carreteras seguras para viajar, para todos los automovilistas, no solo para los conductores de autom\u00f3viles, para que puedan responsabilizarse si las carreteras inseguras causaron su accidente.<\/li>\n<li><strong>Problemas con su motocicleta &#8211;<\/strong>\u00a0tal vez vio el tr\u00e1fico detenido y apret\u00f3 los frenos, solo para descubrir que su motocicleta no disminuir\u00eda la velocidad. Si eso o algo similar caus\u00f3 su accidente de motocicleta en Seattle, una parte defectuosa podr\u00eda ser la culpable. Eso probablemente significa que el fabricante de su motocicleta cometi\u00f3 un error y puede hacer que esa empresa rinda cuentas.<\/li>\n<\/ul>\n<h2>Luchando contra los estereotipos injustos<\/h2>\n<p>Una vez que haya identificado la causa de su accidente de motocicleta, es hora de presionar a la parte responsable por la compensaci\u00f3n que merece. En muchos casos, la parte responsable tendr\u00e1 seguro, por lo que usted y su abogado tratar\u00e1n con la compa\u00f1\u00eda de seguros.<\/p>\n<p>Desafortunadamente para las v\u00edctimas de accidentes de motocicletas, las aseguradoras emplean t\u00e1cticas especialmente sombr\u00edas cuando se trata de reclamos por accidentes de motocicletas. M\u00e1s espec\u00edficamente, a menudo tratan de usar el infame estereotipo de \u00abmotociclista imprudente\u00bb para culparlo a usted o a alguien. Eso es parte de su esfuerzo interminable para evitar compensar a las v\u00edctimas de manera justa.<\/p>\n<p>Su abogado de accidentes de motocicleta en Seattle sabr\u00e1 que este estereotipo es injusto y falso, y ver\u00e1 que las t\u00e1cticas de la aseguradora no son verdaderas. Lucharemos y lucharemos duro para asegurarnos de que le traten con justicia.<\/p>\n<h2>Lo que puede ganar<\/h2>\n<p>Esta es la parte realmente importante para la mayor\u00eda de los motociclistas lesionados. Despu\u00e9s de todo, el objetivo de presentar un reclamo de compensaci\u00f3n es recibir la compensaci\u00f3n que necesita para recuperar su vida.<\/p>\n<p>Tener un abogado experimentado de su parte en esta etapa va a ser particularmente importante. Eso es porque si no solicita algo en su reclamo, no va a recuperar una compensaci\u00f3n por ello. Si olvida o no reconoce un da\u00f1o que ha sufrido, no hay compensaci\u00f3n por esa asunto.<\/p>\n<p>Sin embargo, un abogado de accidentes de motocicleta en Seattle no pasar\u00e1 por alto ning\u00fan da\u00f1o potencial que pueda haber sufrido. \u00c9l o ella tambi\u00e9n pueden ayudarlo a calcular el valor de los da\u00f1os intangibles que pueden ser dif\u00edciles de cuantificar, como el dolor y el sufrimiento.<\/p>\n<p>Los siguientes son algunos de los da\u00f1os comunes enumerados en los reclamos de accidentes de motocicleta de Seattle:<\/p>\n<ul>\n<li>Todos los gastos m\u00e9dicos, incluidos los gastos proyectados<\/li>\n<li>Reparaci\u00f3n o reemplazo de su motocicleta<\/li>\n<li>Salarios que perdiste durante tu recuperaci\u00f3n<\/li>\n<li>Ingresos que perder\u00e1 en el futuro debido a sus lesiones<\/li>\n<li>Dolor y sufrimiento<\/li>\n<li>Disminuci\u00f3n de la calidad de vida<\/li>\n<li>Trauma emocional<\/li>\n<li>Desfiguraci\u00f3n y cicatrizaci\u00f3n<\/li>\n<li>Muerte injusta<\/li>\n<\/ul>\n<h2>Preguntas frecuentes sobre accidentes de motocicleta en Seattle<\/h2>\n<p>La mayor\u00eda de las v\u00edctimas de accidentes de motocicletas tienen preguntas en alg\u00fan momento en su b\u00fasqueda de la compensaci\u00f3n que merecen. Hacemos que sea una prioridad responder a todas y cada una de las preguntas que tienen nuestros clientes de Seattle. Si encuentra que tiene preguntas adem\u00e1s de las siguientes, no dude en ponerse en contacto con Craig Swapp &amp; Associates.<\/p>\n<p><strong>No estaba usando un casco cuando me estrell\u00e9. \u00bfTodav\u00eda puedo recuperar la compensaci\u00f3n?<\/strong><\/p>\n<p>A diferencia de otros estados, Washington exige que los motociclistas usen cascos. Si no usaba un casco en el momento del accidente, es posible que pueda obtener un arreglo, pero es probable que se lo considere responsable de cualquier lesi\u00f3n en su cabeza o cerebro.<\/p>\n<p>A\u00fan as\u00ed, si el otro conductor es m\u00e1s responsable o tiene la culpa de lesiones en otras partes de su cuerpo, deber\u00eda poder buscar una compensaci\u00f3n.<\/p>\n<p><strong>Mi accidente de moto en Seattle fue hace dos a\u00f1os. \u00bfPuedo presentar un reclamo?<\/strong><\/p>\n<p>Esta de suerte. Washington establece una fecha l\u00edmite para reclamos por lesiones personales de tres a\u00f1os a partir de la fecha del accidente. Entonces, si su accidente de motocicleta en Seattle ocurri\u00f3 hace dos a\u00f1os, todav\u00eda tiene un a\u00f1o para buscar un abogado y presentar su reclamo.<\/p>\n<p>Sin embargo, es importante comenzar lo m\u00e1s r\u00e1pido posible. Reunir un reclamo s\u00f3lido lleva tiempo, y no quiere apresurarse cuando su compensaci\u00f3n est\u00e1 en juego.<\/p>\n<p>&nbsp;<\/p>\n<p>Creo que el otro conductor estaba enviando mensajes de texto cuando caus\u00f3 el accidente de mi motocicleta. \u00bfC\u00f3mo puedo averiguarlo?<\/p>\n<p>Enviar mensajes de texto mientras se conduce se considera conducir distra\u00eddo, y ese es un comportamiento negligente por el cual los conductores pueden ser considerados responsables. Pero, \u00bfc\u00f3mo demuestras que alguien te envi\u00f3 un mensaje de texto cuando se estrell\u00f3 contra tu motocicleta?<\/p>\n<p>Dependiendo de lo que est\u00e9 disponible, su abogado especialista en accidentes de motocicletas de Seattle examinar\u00e1 la evidencia para demostrar que el manejo distra\u00eddo de otro conductor caus\u00f3 el accidente de la motocicleta. Esta evidencia podr\u00eda incluir fotos y videos de la c\u00e1mara de tr\u00e1fico y los registros del tel\u00e9fono celular del conductor.<\/p>\n<h2>Consulte con un abogado de accidentes de motocicleta en Seattle<\/h2>\n<p>El proceso de buscar un arreglo despu\u00e9s de un accidente de motocicleta no es f\u00e1cil. De hecho, es dif\u00edcil. Y es a\u00fan m\u00e1s dif\u00edcil si elige probarlo sin la ayuda de un abogado. Por el contrario, trabajar con un abogado puede aliviar el estr\u00e9s de esta empresa y aumentar sus posibilidades de recuperar la compensaci\u00f3n que necesita desesperadamente.<\/p>\n<p>En Craig Swapp &amp; Associates, nos comprometemos a brindar una representaci\u00f3n legal excelente y efectiva para los motociclistas lesionados. Para programar una consulta gratuita y sin compromiso con un abogado de accidentes de motocicleta en Seattle, ll\u00e1menos al 1-800-404-9000 o complete el formulario de contacto al final de la p\u00e1gina.<\/p>\n","protected":false},"excerpt":{"rendered":"<p>Despu\u00e9s de un accidente de motocicleta, puede ser dif\u00edcil ver m\u00e1s all\u00e1 del dolor y los factores estresantes inmediatos para un futuro mejor. Permita que [&hellip;]<\/p>\n","protected":false},"author":2,"featured_media":8783,"parent":8768,"menu_order":0,"comment_status":"closed","ping_status":"closed","template":"","meta":{"_acf_changed":false,"inline_featured_image":false,"footnotes":""},"class_list":["post-8770","page","type-page","status-publish","has-post-thumbnail","hentry"],"acf":[],"_links":{"self":[{"href":"https:\/\/craigswapp.com\/spanish\/wp-json\/wp\/v2\/pages\/8770","targetHints":{"allow":["GET"]}}],"collection":[{"href":"https:\/\/craigswapp.com\/spanish\/wp-json\/wp\/v2\/pages"}],"about":[{"href":"https:\/\/craigswapp.com\/spanish\/wp-json\/wp\/v2\/types\/page"}],"author":[{"embeddable":true,"href":"https:\/\/craigswapp.com\/spanish\/wp-json\/wp\/v2\/users\/2"}],"replies":[{"embeddable":true,"href":"https:\/\/craigswapp.com\/spanish\/wp-json\/wp\/v2\/comments?post=8770"}],"version-history":[{"count":1,"href":"https:\/\/craigswapp.com\/spanish\/wp-json\/wp\/v2\/pages\/8770\/revisions"}],"predecessor-version":[{"id":11109,"href":"https:\/\/craigswapp.com\/spanish\/wp-json\/wp\/v2\/pages\/8770\/revisions\/11109"}],"up":[{"embeddable":true,"href":"https:\/\/craigswapp.com\/spanish\/wp-json\/wp\/v2\/pages\/8768"}],"wp:featuredmedia":[{"embeddable":true,"href":"https:\/\/craigswapp.com\/spanish\/wp-json\/"}],"wp:attachment":[{"href":"https:\/\/craigswapp.com\/spanish\/wp-json\/wp\/v2\/media?parent=8770"}],"curies":[{"name":"wp","href":"https:\/\/api.w.org\/{rel}","templated":true}]}}