{"id":6552,"date":"2016-11-30T21:09:26","date_gmt":"2016-12-01T04:09:26","guid":{"rendered":"http:\/\/craigswapp1.wpengine.com\/?page_id=6552"},"modified":"2021-05-10T12:54:36","modified_gmt":"2021-05-10T12:54:36","slug":"abogado-de-accidentes-de-moto-en-boise","status":"publish","type":"page","link":"https:\/\/craigswapp.com\/spanish\/abogado-de-accidentes-de-moto-en-boise\/","title":{"rendered":"Abogado de accidentes de moto en Boise"},"content":{"rendered":"<p>\nMontar una motocicleta puede ser una de las experiencias m\u00e1s divertidas. Las motocicletas se han convertido en una parte de nuestra cultura, que se asocia con experiencias divertidas, r\u00e1pidas y emocionantes. Pero las motocicletas siguen siendo peligrosas. Como con cualquier forma de transporte, pueden ser armas peligrosas que podr\u00edan lastimar e incluso matar.<\/p>\n<p>Si usted o alguien que usted conoce ha sido v\u00edctima de un accidente de motocicleta, podr\u00eda tener derecho a ciertas compensaciones. Un abogado experimentado de <a href=\"http:\/\/www.iii.org\/issue-update\/motorcycle-crashes\" target=\"_blank\" rel=\"noopener noreferrer\">accidentes de motocicleta<\/a> en Boise, puede ayudarle a entender si su accidente le califica para la compensaci\u00f3n.<\/p>\n<p>&nbsp;<\/p>\n<h2>Lesiones de accidentes de motocicleta<\/h2>\n<p>Comprender el tipo de lesi\u00f3n que tiene, puede ayudar a su abogado de accidentes de moto en Boise, identificar la causa. Hay muchas lesiones que pueden suceder como resultado de estar en un accidente de motocicleta.<\/p>\n<p>Aqu\u00ed est\u00e1n algunas de las lesiones de accidentes de motocicleta m\u00e1s comunes:<\/p>\n<ul>\n<li style=\"font-weight: 400;\">Lesi\u00f3n cerebral traum\u00e1tica<\/li>\n<li style=\"font-weight: 400;\">Movilidad limitada<\/li>\n<li style=\"font-weight: 400;\">Hemorragia interna<\/li>\n<li style=\"font-weight: 400;\">Da\u00f1o muscular<\/li>\n<\/ul>\n<p>&nbsp;<\/p>\n<h2>\u00bfQu\u00e9 causa los accidentes de motocicleta?<\/h2>\n<p>Aprender sobre las <a href=\"http:\/\/www.nhtsa.gov\/Safety\/Motorcycles\" target=\"_blank\" rel=\"noopener noreferrer\">causas de los accidentes de motocicleta<\/a> puede ayudarle a identificar la causa de la suya. Las estad\u00edsticas muestran que la mayor\u00eda de los accidentes de motocicleta, ocurren entre un motociclista y otro veh\u00edculo o motocicleta. Tanto el conductor de la motocicleta como el conductor del veh\u00edculo, o el otro motociclista tienen leyes a seguir que podr\u00edan determinar la causa del accidente.<\/p>\n<p>Estas son algunas de las causas m\u00e1s comunes de accidentes de motocicleta:<\/p>\n<ul>\n<li style=\"font-weight: 400;\"><strong>La divisi\u00f3n de carriles<\/strong> \u2013 Es cuando un motociclista trata de pasar entre los carriles de tr\u00e1fico para ahorrar tiempo, pero cuando el tr\u00e1fico se acelera provoca una colisi\u00f3n entre el conductor de motocicleta y otro veh\u00edculo.<\/li>\n<li style=\"font-weight: 400;\"><strong>Conductores borrachos de motos o autos<\/strong>\u00a0\u2013 esto es cuando el conductor o motociclista manejan bajo la influencia del alcohol.<\/li>\n<li style=\"font-weight: 400;\"><strong>Los auto que est\u00e1n cambiando de carril<\/strong> \u2013 Esto sucede cuando un auto no se da cuenta del conductor de la motocicleta en el carril al lado de ellos.<\/li>\n<\/ul>\n<p>&nbsp;<\/p>\n<h2>\u00bfQui\u00e9n puede ayudarme con mi caso?<\/h2>\n<p>Los accidentes de motocicleta pueden ser algunos de los accidentes m\u00e1s graves. Esto es cierto porque los motociclistas no tienen algo que proteja su cuerpo, haci\u00e9ndolos en mayor riesgo de <a href=\"https:\/\/craigswapp.com\/spanish\/es\/abogado-de-lesiones-personales-en-boise\/\">lesiones personales<\/a>. El error com\u00fan que hacemos a menudo por nuestra cuenta, es suponer que el motociclista es la v\u00edctima, debido a las lesiones sufridas.<\/p>\n<p>Sin embargo, no siempre es as\u00ed. Con uno de nuestros abogados calificados en Craig Swapp &amp; Associates, podemos ayudarle a determinar qui\u00e9n fue culpable y averiguar si usted merece una compensaci\u00f3n. No espere sus respuestas, cons\u00edguelas ahora llam\u00e1ndonos al 800-404-9000. Estamos aqu\u00ed para escuchar, estamos aqu\u00ed para explicar y estamos aqu\u00ed para luchar por sus derechos.<\/p>\n","protected":false},"excerpt":{"rendered":"<p>Montar una motocicleta puede ser una de las experiencias m\u00e1s divertidas. Las motocicletas se han convertido en una parte de nuestra cultura, que se asocia [&hellip;]<\/p>\n","protected":false},"author":2,"featured_media":0,"parent":0,"menu_order":0,"comment_status":"open","ping_status":"closed","template":"","meta":{"_acf_changed":false,"inline_featured_image":false,"footnotes":""},"class_list":["post-6552","page","type-page","status-publish","hentry"],"acf":[],"_links":{"self":[{"href":"https:\/\/craigswapp.com\/spanish\/wp-json\/wp\/v2\/pages\/6552","targetHints":{"allow":["GET"]}}],"collection":[{"href":"https:\/\/craigswapp.com\/spanish\/wp-json\/wp\/v2\/pages"}],"about":[{"href":"https:\/\/craigswapp.com\/spanish\/wp-json\/wp\/v2\/types\/page"}],"author":[{"embeddable":true,"href":"https:\/\/craigswapp.com\/spanish\/wp-json\/wp\/v2\/users\/2"}],"replies":[{"embeddable":true,"href":"https:\/\/craigswapp.com\/spanish\/wp-json\/wp\/v2\/comments?post=6552"}],"version-history":[{"count":1,"href":"https:\/\/craigswapp.com\/spanish\/wp-json\/wp\/v2\/pages\/6552\/revisions"}],"predecessor-version":[{"id":10862,"href":"https:\/\/craigswapp.com\/spanish\/wp-json\/wp\/v2\/pages\/6552\/revisions\/10862"}],"wp:attachment":[{"href":"https:\/\/craigswapp.com\/spanish\/wp-json\/wp\/v2\/media?parent=6552"}],"curies":[{"name":"wp","href":"https:\/\/api.w.org\/{rel}","templated":true}]}}