{"id":6442,"date":"2016-11-14T15:21:43","date_gmt":"2016-11-14T22:21:43","guid":{"rendered":"http:\/\/craigswapp1.wpengine.com\/?page_id=6442"},"modified":"2021-05-12T14:27:59","modified_gmt":"2021-05-12T14:27:59","slug":"abogado-accidentes-navegacion-salt-lake-city","status":"publish","type":"page","link":"https:\/\/craigswapp.com\/spanish\/abogado-accidentes-navegacion-salt-lake-city\/","title":{"rendered":"Abogado de accidents de navegaci\u00f3n en Salt Lake City"},"content":{"rendered":"<p>\nComo abogados de accidentes de barco, entendemos la ley de lesiones personales tal como se aplica a la navegaci\u00f3n.<\/p>\n<p>Utah tiene algunos de los mejores paseos en barco en el pa\u00eds gracias al programa de navegaci\u00f3n de parques del estado de Utah. En el sexto lugar en los Estados Unidos por la cantidad de agua potable per c\u00e1pita, Utah tiene m\u00e1s de 66,012 barcos registrados en todo el estado.<\/p>\n<p>Si bien la navegaci\u00f3n es agradable, muchas personas no se dan cuenta de que los barcos pueden ser tan peligrosos como los autom\u00f3viles y camiones. Cuando las embarcaciones no se manejan adecuadamente, pueden ocurrir accidentes que puedan da\u00f1ar a los pasajeros y nadadores.<\/p>\n<p>Si sufri\u00f3 da\u00f1os en un accidente de navegaci\u00f3n provocado por el descuido de otra persona, un abogado de accidentes de barco en Salt Lake City de Craig Swapp &amp; Associates puede ayudarlo a navegar las aguas legales y recuperar compensaci\u00f3n monetaria por sus lesiones y da\u00f1os.<\/p>\n<h2>Los accidentes de navegaci\u00f3n pueden sucederle a cualquiera<\/h2>\n<p>Las v\u00edctimas de accidentes de embarcaciones pueden sufrir lesiones leves o graves en un accidente en navegaci\u00f3n en Salt Lake City. Cualquiera que opere un barco necesita tomar las precauciones necesarias para mantener seguros a los pasajeros.<\/p>\n<p>Por ejemplo, operar una embarcaci\u00f3n con una velocidad excesiva o conducir bajo la influencia del alcohol puede resultar f\u00e1cilmente en que la embarcaci\u00f3n se estrelle en un muelle o colisiona con otra embarcaci\u00f3n.<\/p>\n<p>Adem\u00e1s, las piezas defectuosas de la embarcaci\u00f3n pueden hacer que una embarcaci\u00f3n pierda el control debido a un motor que no funciona bien u otro problema.<\/p>\n<p>Su abogado de accidentes de navegaci\u00f3n en Salt Lake City lo ayudar\u00e1 a determinar exactamente qu\u00e9 caus\u00f3 su accidente y qui\u00e9n fue el responsable.<\/p>\n<h2>Causas de\u00a0accidentes de navegaci\u00f3n en Utah<\/h2>\n<p>Al igual que los veh\u00edculos de motor, los barcos deben seguir las normas y regulaciones federales y estatales. Las v\u00edas fluviales tienen l\u00edneas de tr\u00e1fico, l\u00edmites de velocidad y reglas de derecho de paso que se aplican a todas las embarcaciones. Cuando los operadores de lanchas descuidan estas reglas, ponen en riesgo a sus propios pasajeros, as\u00ed como a cualquier otra persona en el agua con ellos.<\/p>\n<p>La Asociaci\u00f3n de Propietarios de Botes de los Estados Unidos informa que el 50 por ciento de todos los accidentes de navegaci\u00f3n se deben al consumo de alcohol. Otras causas comunes de accidentes de embarcaciones se enumeran a continuaci\u00f3n:<\/p>\n<ul>\n<li>Conducci\u00f3n distraida<\/li>\n<li>Mirador incorrecto<\/li>\n<li>Inexperiencia del operador del barco<\/li>\n<li>Exceso de velocidad<\/li>\n<li>Piezas de embarcaciones defectuosas<\/li>\n<\/ul>\n<h2>Lesiones comunes por accidentes de navegaci\u00f3n en Salt Lake City<\/h2>\n<p>Los lagos y cursos de agua en Utah pueden ser peligrosos cuando las precauciones de seguridad no se toman en serio. En 2014, hubo 4.064 accidentes de navegaci\u00f3n seg\u00fan la Guardia Costera de los EE. UU., Un aumento del 10.6 por ciento con respecto a 2013. De estos accidentes, hubo 610 muertes y 2.678 lesiones y millones de d\u00f3lares perdidos en da\u00f1os a la propiedad.<\/p>\n<p>Caer al agua es com\u00fan en accidentes de embarcaciones. En 2014, el 78 por ciento de las muertes en bote fueron causadas por ahogamiento, y el 84 por ciento de los que murieron no usaban chalecos salvavidas en ese momento.<\/p>\n<p>Un abogado de accidentes de navegaci\u00f3n en Salt Lake City de nuestra oficina tendr\u00e1 experiencia en el manejo de casos que involucran una amplia gama de lesiones por accidentes de embarcaciones:<\/p>\n<ul>\n<li>Lesiones del cuello<\/li>\n<li>Lesiones cerebrales traum\u00e1ticas<\/li>\n<li>Huesos fracturados y rotos<\/li>\n<li>Cortes y laceraciones<\/li>\n<li>Lesiones de la m\u00e9dula espinal<\/li>\n<li>Hipotermia<\/li>\n<li>Heridas de h\u00e9lice<\/li>\n<\/ul>\n<h2>Compensaci\u00f3n por un accidente de navegaci\u00f3n en Utah<\/h2>\n<p>Las lesiones por accidentes de navegaci\u00f3n pueden ser devastadoras para los involucrados, causando da\u00f1os f\u00edsicos, emocionales y financieros. Su abogado de accidentes de navegaci\u00f3n en Salt Lake City puede ayudarlo a recuperar la compensaci\u00f3n que merece por sus da\u00f1os.<\/p>\n<p>Por supuesto, sus facturas m\u00e9dicas deber\u00e1n estar cubiertas por su acuerdo. Esto incluye cualquier procedimiento y equipo futuro que puedan requerir sus lesiones.<\/p>\n<p>Como su recuperaci\u00f3n puede resultar en un tiempo libre del trabajo, tambi\u00e9n tendremos que calcular cu\u00e1nto dinero ha perdido debido a esto. Otros gastos incluir\u00e1n da\u00f1os a la propiedad, gastos del cuidador y terapia f\u00edsica, solo por nombrar algunos.<\/p>\n<p>Su abogado de accidentes de navegaci\u00f3n en Salt Lake City tambi\u00e9n lo ayudar\u00e1 a llegar a un monto en d\u00f3lares por sus da\u00f1os no econ\u00f3micos, como dolor y sufrimiento, disminuci\u00f3n de la calidad de vida, p\u00e9rdida de la funci\u00f3n sexual y cualquier da\u00f1o causado a su matrimonio y amistades.<\/p>\n<h2>Estatuto de limitaciones en Utah<\/h2>\n<p>Tiene una cantidad de tiempo finita en la que puede presentar un reclamo por lesiones personales por su accidente de navegaci\u00f3n. En Utah, este plazo de prescripci\u00f3n es de cuatro a\u00f1os a partir de la fecha de su lesi\u00f3n.<\/p>\n<p>Esto puede sonar como una gran cantidad de tiempo, pero su abogado de accidentes de navegaci\u00f3n en Salt Lake City necesitar\u00e1 este tiempo para reunir pruebas, hablar con los testigos e investigar el accidente. Para el caso m\u00e1s fuerte posible, hay que actuar de inmediato.<\/p>\n<h2>P\u00f3ngase en contacto con un abogado de accidentes de navegaci\u00f3n en Salt Lake City<\/h2>\n<p>En Craig Swapp &amp; Associates, nuestra prioridad es proteger sus derechos legales y recuperar la compensaci\u00f3n m\u00e1xima posible por sus lesiones. Nuestros abogados tienen la habilidad y el conocimiento necesarios para investigar su accidente y determinar c\u00f3mo debe proceder su caso.<\/p>\n<p>Para una consulta gratuita y sin compromiso, llame hoy mismo a un abogado de accidentes de navegaci\u00f3n en Salt Lake City al 800-404-9000 o cont\u00e1ctenos enviando el formulario al pie de esta p\u00e1gina.<\/p>\n","protected":false},"excerpt":{"rendered":"<p>Como abogados de accidentes de barco, entendemos la ley de lesiones personales tal como se aplica a la navegaci\u00f3n. Utah tiene algunos de los mejores [&hellip;]<\/p>\n","protected":false},"author":2,"featured_media":0,"parent":0,"menu_order":4,"comment_status":"open","ping_status":"open","template":"","meta":{"_acf_changed":false,"inline_featured_image":false,"footnotes":""},"class_list":["post-6442","page","type-page","status-publish","hentry"],"acf":[],"_links":{"self":[{"href":"https:\/\/craigswapp.com\/spanish\/wp-json\/wp\/v2\/pages\/6442","targetHints":{"allow":["GET"]}}],"collection":[{"href":"https:\/\/craigswapp.com\/spanish\/wp-json\/wp\/v2\/pages"}],"about":[{"href":"https:\/\/craigswapp.com\/spanish\/wp-json\/wp\/v2\/types\/page"}],"author":[{"embeddable":true,"href":"https:\/\/craigswapp.com\/spanish\/wp-json\/wp\/v2\/users\/2"}],"replies":[{"embeddable":true,"href":"https:\/\/craigswapp.com\/spanish\/wp-json\/wp\/v2\/comments?post=6442"}],"version-history":[{"count":1,"href":"https:\/\/craigswapp.com\/spanish\/wp-json\/wp\/v2\/pages\/6442\/revisions"}],"predecessor-version":[{"id":11428,"href":"https:\/\/craigswapp.com\/spanish\/wp-json\/wp\/v2\/pages\/6442\/revisions\/11428"}],"wp:attachment":[{"href":"https:\/\/craigswapp.com\/spanish\/wp-json\/wp\/v2\/media?parent=6442"}],"curies":[{"name":"wp","href":"https:\/\/api.w.org\/{rel}","templated":true}]}}