{"id":6332,"date":"2016-10-31T10:15:28","date_gmt":"2016-10-31T16:15:28","guid":{"rendered":"http:\/\/craigswapp1.wpengine.com\/?page_id=6332"},"modified":"2021-05-10T13:01:11","modified_gmt":"2021-05-10T13:01:11","slug":"abogado-huesos-rotos-accidentes-moto-spokane","status":"publish","type":"page","link":"https:\/\/craigswapp.com\/spanish\/abogado-huesos-rotos-accidentes-moto-spokane\/","title":{"rendered":"Abogado de huesos rotos en accidentes de moto en Spokane"},"content":{"rendered":"<p>\nSi sufri\u00f3 un hueso fracturado o roto en un accidente de moto, tiene derecho a presentar una demanda por lesiones personales en busca de un arreglo contra la parte responsable de su accidente.<\/p>\n<p>Un abogado de huesos rotos en accidentes de moto en Spokane de Craig Swapp &amp; Associates puede representarlo, responder sus preguntas, proteger sus derechos y ayudarle a obtener la mayor compensaci\u00f3n econ\u00f3mica posible por su hueso roto.<\/p>\n<p>&nbsp;<\/p>\n<h2>Determinar culpa en un accidente de moto<\/h2>\n<p>Necesitaremos realizar una investigaci\u00f3n para determinar qu\u00e9 caus\u00f3 su accidente y a qui\u00e9n culpar. Esto es necesario para establecer negligencia e identificar contra qui\u00e9n presentar una demanda.<\/p>\n<p>No tiene que ser 100% inocente del accidente de la motocicleta para recibir una compensaci\u00f3n financiera, pero alguien m\u00e1s tiene que ser el culpable en la mayor\u00eda del accidente, que es lo que necesitaremos probar.<\/p>\n<p>&nbsp;<\/p>\n<h2>Proteger su reputaci\u00f3n<\/h2>\n<p>Los motociclistas tienen una reputaci\u00f3n injusta por conducir imprudentemente y desobedecer las leyes de tr\u00e1nsito. Simplemente no es la verdad, y haremos todo lo posible para luchar por sus derechos legales y, al mismo tiempo, proteger su reputaci\u00f3n como motociclista.<\/p>\n<p>Los abogados opositores a menudo intentan utilizar estos estereotipos contra los motociclistas en los tribunales, pero nos aseguraremos de que esta t\u00e1ctica falle y de que reciban un trato justo.<\/p>\n<p>&nbsp;<\/p>\n<h2>Comprender el proceso de recuperaci\u00f3n de un hueso roto<\/h2>\n<p>La gravedad de su hueso roto afectar\u00e1 directamente el tiempo que tarda en recuperarse. Tambi\u00e9n determinar\u00e1 si va a tener da\u00f1o permanente.<\/p>\n<p>Si su descanso est\u00e1 limpio y los huesos no se mueven fuera de alineaci\u00f3n, ser\u00e1 mucho m\u00e1s f\u00e1cil recuperarse dentro de un marco de tiempo razonable. Sin embargo, si su hueso roto es particularmente malo, puede requerir cirug\u00eda para completar el proceso de curaci\u00f3n.<\/p>\n<p>De todos modos, el proceso de recuperaci\u00f3n exigir\u00e1 tiempo, d\u00edas perdidos del trabajo y posiblemente otros gastos imprevistos.<\/p>\n<p>&nbsp;<\/p>\n<h2>No acepta una oferta demasiado r\u00e1pido<\/h2>\n<p>Debe asegurarse de recibir suficiente compensaci\u00f3n para pagar todas las formas en que su hueso roto afectar\u00e1 su vida. Esto incluye el costo de la atenci\u00f3n m\u00e9dica, pero tambi\u00e9n los gastos relacionados con cualquiera de los siguientes art\u00edculos:<\/p>\n<ul>\n<li>Rehabilitaci\u00f3n f\u00edsica<\/li>\n<li>Gastos de viaje para atenci\u00f3n m\u00e9dica<\/li>\n<li>P\u00e9rdida salarial por tiempo libre en el trabajo<\/li>\n<li>Contratar cuidadores<\/li>\n<li>Equipo medico<\/li>\n<li>Reparaciones o reemplazo de veh\u00edculos<\/li>\n<li>Y m\u00e1s<\/li>\n<\/ul>\n<p>Adem\u00e1s, trabajaremos con su m\u00e9dico para determinar si necesitar\u00e1 atenci\u00f3n m\u00e9dica continua. Si sus proveedores de atenci\u00f3n m\u00e9dica ven una necesidad de terapia f\u00edsica u otro tratamiento de manera continua, los incluiremos en nuestra solicitud de compensaci\u00f3n.<\/p>\n<p>&nbsp;<\/p>\n<h2>Mandar una carta de demanda<\/h2>\n<p>Despu\u00e9s de establecer un valor inicial en su reclamo por lesiones, redactaremos una carta de demanda para enviarla a la compa\u00f1\u00eda de seguros de la otra parte. Luego tendr\u00e1n la oportunidad de revisar y aceptar, contrarrestar o denegar la solicitud.<\/p>\n<p>Esto a menudo inicia un proceso de negociaci\u00f3n que puede conducir a un arreglo fuera de la corte. Sin embargo, si no est\u00e1n dispuestos a negociar de manera justa, estaremos preparados para representarlo durante el juicio.<\/p>\n<p>&nbsp;<\/p>\n<h2>Hable con un abogado de accidentes de moto en Spokane<\/h2>\n<p>Un abogado de huesos rotos en accidentes de moto en Spokane de Craig Swapp &amp; Associates puede proteger sus derechos legales y ayudarlo a recibir la mayor compensaci\u00f3n posible por su reclamo por lesiones. Puede esperar que nos dediquemos por completo a su caso y pongamos nuestra experiencia a su servicio.<\/p>\n<p>Para concertar un tiempo para reunirse y hablar sobre su caso de forma gratuita, simplemente llame al 1-800-404-9000 o complete el formulario de contacto en esta p\u00e1gina.<\/p>\n","protected":false},"excerpt":{"rendered":"<p>Si sufri\u00f3 un hueso fracturado o roto en un accidente de moto, tiene derecho a presentar una demanda por lesiones personales en busca de un [&hellip;]<\/p>\n","protected":false},"author":2,"featured_media":0,"parent":0,"menu_order":0,"comment_status":"closed","ping_status":"closed","template":"","meta":{"_acf_changed":false,"inline_featured_image":false,"footnotes":""},"class_list":["post-6332","page","type-page","status-publish","hentry"],"acf":[],"_links":{"self":[{"href":"https:\/\/craigswapp.com\/spanish\/wp-json\/wp\/v2\/pages\/6332","targetHints":{"allow":["GET"]}}],"collection":[{"href":"https:\/\/craigswapp.com\/spanish\/wp-json\/wp\/v2\/pages"}],"about":[{"href":"https:\/\/craigswapp.com\/spanish\/wp-json\/wp\/v2\/types\/page"}],"author":[{"embeddable":true,"href":"https:\/\/craigswapp.com\/spanish\/wp-json\/wp\/v2\/users\/2"}],"replies":[{"embeddable":true,"href":"https:\/\/craigswapp.com\/spanish\/wp-json\/wp\/v2\/comments?post=6332"}],"version-history":[{"count":2,"href":"https:\/\/craigswapp.com\/spanish\/wp-json\/wp\/v2\/pages\/6332\/revisions"}],"predecessor-version":[{"id":10885,"href":"https:\/\/craigswapp.com\/spanish\/wp-json\/wp\/v2\/pages\/6332\/revisions\/10885"}],"wp:attachment":[{"href":"https:\/\/craigswapp.com\/spanish\/wp-json\/wp\/v2\/media?parent=6332"}],"curies":[{"name":"wp","href":"https:\/\/api.w.org\/{rel}","templated":true}]}}