{"id":6253,"date":"2016-10-26T12:58:05","date_gmt":"2016-10-26T18:58:05","guid":{"rendered":"http:\/\/craigswapp1.wpengine.com\/?page_id=6253"},"modified":"2021-05-10T13:19:36","modified_gmt":"2021-05-10T13:19:36","slug":"accidentes-motocicleta-carreteras-peligrosas","status":"publish","type":"page","link":"https:\/\/craigswapp.com\/spanish\/abogado-lesiones-personales-boise\/abogado-accidentes-motos-boise\/accidentes-motocicleta-carreteras-peligrosas\/","title":{"rendered":"Abogado de accidentes de motocicleta en carreteras peligrosas en Boise"},"content":{"rendered":"<p>\nTodos los d\u00edas, miles de conductores se dirigen a sus autos para recorrer las carreteras ocupadas de Boise mientras viajan a trabajar. Para la mayor\u00eda de los conductores, el viaje no tiene incidencias; escuchar\u00e1n la radio o simplemente disfrutar\u00e1n del silencio.<\/p>\n<p>Esta es la experiencia t\u00edpica y cotidiana de muchos conductores, pero no todos. Para una peque\u00f1a parte de los conductores, la mayor\u00eda de los que viajan en carreteras mal mantenidas, hay un riesgo muy real de estar en un accidente sin culpa propia. Esto es especialmente cierto para cualquier persona en una motocicleta, ya que las bicicletas son especialmente vulnerables a las condiciones peligrosas de la carretera, como los baches y orillas empinadas.<\/p>\n<p>Si usted experimenta un accidente de la motocicleta mientras que conduce en una carretera peligrosa, las probabilidades son buenas que no era su culpa. Debido a esto, usted tambi\u00e9n podr\u00eda tener derecho a una compensaci\u00f3n. Un experto abogado de accidentes de motocicleta en carreteras peligrosas en Boise de Craig Swapp &amp; Associates puede responder a sus preguntas y obtener el mejor resultado posible para su caso.<\/p>\n<p>&nbsp;<\/p>\n<h2>Las carreteras m\u00e1s peligrosas de Boise<\/h2>\n<p>Aunque el tr\u00e1fico fluye generalmente bien en Idaho, ciertas \u00e1reas de la ciudad pueden ser m\u00e1s propensas a los accidentes de tr\u00e1fico, incluyendo choques de la motocicleta, que otras. Estas \u00e1reas incluyen partes del centro de la ciudad y ciertas carreteras:<\/p>\n<ul>\n<li style=\"font-weight: 400;\">East Idaho Street<\/li>\n<li style=\"font-weight: 400;\">East Jefferson Street<\/li>\n<li style=\"font-weight: 400;\">West Jefferson Street<\/li>\n<li style=\"font-weight: 400;\">West Myrtle Street<\/li>\n<\/ul>\n<p>Debido a que estas \u00e1reas ya se sabe que son peligrosas, puede ser m\u00e1s f\u00e1cil para demostrar su caso de compensaci\u00f3n si usted tiene un accidente mientras viaja en ellos. Si las entidades responsables ya son conscientes de las caracter\u00edsticas peligrosas de estas carreteras, tienen la obligaci\u00f3n de arreglarlas. Cuando no lo hacen, se hacen responsables de los da\u00f1os y lesiones que resulten.<\/p>\n<p>&nbsp;<\/p>\n<h2>\u00bfQuien es responsable?<\/h2>\n<p>Una de las partes m\u00e1s frustrantes de un peligroso accidente de motocicleta en carretera es determinar con precisi\u00f3n qui\u00e9n fue el culpable de lo que sucedi\u00f3. En la mayor\u00eda de los casos, una entidad gubernamental o contratista privado ser\u00e1 responsable de mantener el camino hacia est\u00e1ndares seguros.<\/p>\n<p>Sin embargo, si los agujeros grandes se permiten formar o las caracter\u00edsticas de la seguridad tales como barandillas o las tiras del rumble no est\u00e1n en uso, un caso para el mantenimiento negligente puede ser hecho. En otras situaciones, un equipo de construcci\u00f3n de carreteras podr\u00eda no asegurar un sitio o dejar un hombro de ca\u00edda en un \u00e1ngulo incorrecto, por lo que la empresa de construcci\u00f3n responsable de sus da\u00f1os.<\/p>\n<p>&nbsp;<\/p>\n<h2>Usted necesita un abogado de accidentes de motocicleta en carreteras peligrosas en Boise<\/h2>\n<p>Accidentes de motocicleta puede ser dif\u00edcil de manejar por su cuenta debido a los estereotipos que los ciclistas a menudo se enfrentan. Cuando se trata de carreteras peligrosas, puede que se encuentre enfrentando una batalla a\u00fan m\u00e1s complicada contra negocios, entidades gubernamentales y equipos de abogados.<\/p>\n<p>En Craig Swapp &amp; Associates, nuestros abogados tienen experiencia con este tipo de casos y saben manejar cualquier profesional que represente al otro lado. Si usted ha estado en un accidente de motocicleta en Boise debido a un camino peligroso, ll\u00e1menos gratis al 800-404-9000 o rellene el siguiente formulario. Organice un tiempo para su consulta gratuita y d\u00e9jenos ayudarle a buscar la compensaci\u00f3n que se le debe.<\/p>\n","protected":false},"excerpt":{"rendered":"<p>Todos los d\u00edas, miles de conductores se dirigen a sus autos para recorrer las carreteras ocupadas de Boise mientras viajan a trabajar. Para la mayor\u00eda [&hellip;]<\/p>\n","protected":false},"author":2,"featured_media":0,"parent":4408,"menu_order":0,"comment_status":"closed","ping_status":"closed","template":"","meta":{"_acf_changed":false,"inline_featured_image":false,"footnotes":""},"class_list":["post-6253","page","type-page","status-publish","hentry"],"acf":[],"_links":{"self":[{"href":"https:\/\/craigswapp.com\/spanish\/wp-json\/wp\/v2\/pages\/6253","targetHints":{"allow":["GET"]}}],"collection":[{"href":"https:\/\/craigswapp.com\/spanish\/wp-json\/wp\/v2\/pages"}],"about":[{"href":"https:\/\/craigswapp.com\/spanish\/wp-json\/wp\/v2\/types\/page"}],"author":[{"embeddable":true,"href":"https:\/\/craigswapp.com\/spanish\/wp-json\/wp\/v2\/users\/2"}],"replies":[{"embeddable":true,"href":"https:\/\/craigswapp.com\/spanish\/wp-json\/wp\/v2\/comments?post=6253"}],"version-history":[{"count":1,"href":"https:\/\/craigswapp.com\/spanish\/wp-json\/wp\/v2\/pages\/6253\/revisions"}],"predecessor-version":[{"id":10950,"href":"https:\/\/craigswapp.com\/spanish\/wp-json\/wp\/v2\/pages\/6253\/revisions\/10950"}],"up":[{"embeddable":true,"href":"https:\/\/craigswapp.com\/spanish\/wp-json\/wp\/v2\/pages\/4408"}],"wp:attachment":[{"href":"https:\/\/craigswapp.com\/spanish\/wp-json\/wp\/v2\/media?parent=6253"}],"curies":[{"name":"wp","href":"https:\/\/api.w.org\/{rel}","templated":true}]}}