{"id":6052,"date":"2016-10-03T11:40:22","date_gmt":"2016-10-03T17:40:22","guid":{"rendered":"http:\/\/craigswapp1.wpengine.com\/?page_id=6052"},"modified":"2021-05-10T13:02:31","modified_gmt":"2021-05-10T13:02:31","slug":"abogado-de-lesiones-cerebrales-en-salt-lake-city","status":"publish","type":"page","link":"https:\/\/craigswapp.com\/spanish\/abogado-de-lesiones-cerebrales-en-salt-lake-city\/","title":{"rendered":"Abogado de Lesiones Cerebrales en Salt Lake City"},"content":{"rendered":"<p>\nDespu\u00e9s de estar en cualquier tipo de accidente, usted podr\u00eda estar sufriendo de los efectos a largo plazo de <a href=\"https:\/\/www.ninds.nih.gov\/disorders\/\" target=\"_blank\" rel=\"noopener noreferrer\">una lesi\u00f3n cerebral<\/a>. Las lesiones cerebrales son una de las lesiones m\u00e1s graves que podr\u00eda tener, porque su cerebro afecta a todo el cuerpo.<\/p>\n<p>No importa qu\u00e9 tipo de accidente caus\u00f3 su lesi\u00f3n cerebral, un abogado de lesiones cerebrales en Salt Lake City puede ayudar a determinar si est\u00e1 en condiciones de presentar una demanda de indemnizaci\u00f3n. Estar familiarizado con los accidentes que pueden causar una lesi\u00f3n cerebral puede ayudar a identificar si usted es capaz de obtener una indemnizaci\u00f3n por su accidente.<\/p>\n<p>&nbsp;<\/p>\n<h2>\u00bfQu\u00e9 Es una Lesi\u00f3n Cerebral?<\/h2>\n<p>Una lesi\u00f3n cerebral traum\u00e1tica es una lesi\u00f3n en el cerebro que viene de tener un evento traum\u00e1tico en su vida. Esto normalmente ocurre como resultado de un accidente f\u00edsico.<\/p>\n<p>Algunos de los s\u00edntomas incluyen mareos, confusi\u00f3n, n\u00e1useas y p\u00e9rdida del conocimiento. Por esta raz\u00f3n, despu\u00e9s de haber estado en cualquier accidente, es importante asegurarse de que vea al m\u00e9dico, para averiguar si usted tiene cualquier <a href=\"https:\/\/medlineplus.gov\/ency\/article\/000045.htm\" target=\"_blank\" rel=\"noopener noreferrer\">sangrado interno<\/a> o lesi\u00f3n.<\/p>\n<p>La informaci\u00f3n que recibe de su m\u00e9dico le ayudar\u00e1 a su abogado de lesiones cerebrales en Salt Lake City presentar su caso.<\/p>\n<p>&nbsp;<\/p>\n<h2>\u00bfQu\u00e9 Tipo de Accidente Puede Causar una Lesi\u00f3n Cerebral?<\/h2>\n<p>Estos son los accidentes comunes que causan lesiones cerebrales traum\u00e1tica. Identificar qu\u00e9 tipo de accidente que ten\u00edas puede ayudar a su abogado de lesiones cerebrales en Salt Lake City luchar para conseguir la compensaci\u00f3n que se merece.<\/p>\n<ul>\n<li style=\"font-weight: 400;\"><strong><a href=\"https:\/\/craigswapp.com\/spanish\/?page_id=5839&amp;preview=true\">Los Accidentes de Auto<\/a><\/strong> \u2013 Esto puede ocurrir en todos los tipos de accidentes de tr\u00e1fico, pero sobre todo que sucede cuando est\u00e1s en un accidente de coche que tiene una cabeza en la colisi\u00f3n.<\/li>\n<li style=\"font-weight: 400;\"><strong>Accidentes de Pasajeros<\/strong> \u2013 Esto puede ocurrir si utiliza el veh\u00edculo con otra persona y te metes en un accidente de coche. Tambi\u00e9n puede ocurrir si se lesiona mientras se <a href=\"https:\/\/craigswapp.com\/spanish\/es\/abogado-accidentes-de-peatones-en-salt-lake-city\/\">camina<\/a> en un parque justo, festival o la diversi\u00f3n de conducci\u00f3n.<\/li>\n<\/ul>\n<p>&nbsp;<\/p>\n<h2>\u00bfQui\u00e9n Puede Ayudarme a Presentar una Demanda?<\/h2>\n<p>Hay pasos espec\u00edficos que tiene que seguir a la hora de presentar una demanda. Es importante que siga estos pasos exactamente para evitar el despido de su demanda. Esto es algo que tendr\u00e1 que consultar a su abogado de lesiones cerebrales en Salt Lake City sobre. Ellos le ayudar\u00e1n a identificar la documentaci\u00f3n espec\u00edfica a presentar.<\/p>\n<p>Dependiendo de su situaci\u00f3n, esta documentaci\u00f3n incluir\u00e1 cosas como sus informes m\u00e9dicos, informes policiales, cotizaciones de seguros y una declaraci\u00f3n de la cantidad de dinero que gana. Ellos le ayudar\u00e1n a navegar todo el proceso sin problemas.<\/p>\n<p>Llame a <a href=\"tel:18556285050\">1-855-628-5050<\/a> para obtener ayuda de <a href=\"https:\/\/craigswapp.com\/spanish\/\">Craig Swapp Y Asociados<\/a> en su caso en este momento. \u00a1No espere un minuto m\u00e1s! Oigamos su historia y ayudarle a obtener el dinero que necesita para salir de este accidente atr\u00e1s y empezar a vivir su vida de nuevo.<\/p>\n","protected":false},"excerpt":{"rendered":"<p>Despu\u00e9s de estar en cualquier tipo de accidente, usted podr\u00eda estar sufriendo de los efectos a largo plazo de una lesi\u00f3n cerebral. Las lesiones cerebrales [&hellip;]<\/p>\n","protected":false},"author":2,"featured_media":0,"parent":0,"menu_order":0,"comment_status":"open","ping_status":"closed","template":"","meta":{"_acf_changed":false,"inline_featured_image":false,"footnotes":""},"class_list":["post-6052","page","type-page","status-publish","hentry"],"acf":[],"_links":{"self":[{"href":"https:\/\/craigswapp.com\/spanish\/wp-json\/wp\/v2\/pages\/6052","targetHints":{"allow":["GET"]}}],"collection":[{"href":"https:\/\/craigswapp.com\/spanish\/wp-json\/wp\/v2\/pages"}],"about":[{"href":"https:\/\/craigswapp.com\/spanish\/wp-json\/wp\/v2\/types\/page"}],"author":[{"embeddable":true,"href":"https:\/\/craigswapp.com\/spanish\/wp-json\/wp\/v2\/users\/2"}],"replies":[{"embeddable":true,"href":"https:\/\/craigswapp.com\/spanish\/wp-json\/wp\/v2\/comments?post=6052"}],"version-history":[{"count":2,"href":"https:\/\/craigswapp.com\/spanish\/wp-json\/wp\/v2\/pages\/6052\/revisions"}],"predecessor-version":[{"id":10893,"href":"https:\/\/craigswapp.com\/spanish\/wp-json\/wp\/v2\/pages\/6052\/revisions\/10893"}],"wp:attachment":[{"href":"https:\/\/craigswapp.com\/spanish\/wp-json\/wp\/v2\/media?parent=6052"}],"curies":[{"name":"wp","href":"https:\/\/api.w.org\/{rel}","templated":true}]}}