{"id":5971,"date":"2016-09-28T13:21:27","date_gmt":"2016-09-28T19:21:27","guid":{"rendered":"http:\/\/craigswapp1.wpengine.com\/?page_id=5971"},"modified":"2021-05-10T13:10:34","modified_gmt":"2021-05-10T13:10:34","slug":"preguntas-frecuentes-accidentes-camiones-boise","status":"publish","type":"page","link":"https:\/\/craigswapp.com\/spanish\/abogado-lesiones-personales-boise\/abogado-accidentes-camiones-boise\/preguntas-frecuentes-accidentes-camiones-boise\/","title":{"rendered":"Accidentes de camiones en Boise &#8211; preguntas frecuentes"},"content":{"rendered":"<p>\nSi recientemente ha estado en un accidente de cami\u00f3n en Boise o en cualquier otro lugar en Idaho, es probable que tenga varias preguntas en mente. Estas preguntas con frecuencia hechas del accidente del carro de Boise cubren muchos de los asuntos comunes que la gente se refiere con.<\/p>\n<p>Sin embargo, para obtener informaci\u00f3n que sea espec\u00edficamente relevante para su caso, siempre es mejor buscar asesor\u00eda legal profesional de uno de nuestros abogados.<\/p>\n<p>&nbsp;<\/p>\n<h2>\u00bfCu\u00e1les son algunas de las lesiones m\u00e1s comunes en los accidentes de camiones de Idaho?<\/h2>\n<p>Casi cualquier lesi\u00f3n puede ocurrir cuando usted est\u00e1 involucrado en un accidente de cami\u00f3n. Algunas de las lesiones m\u00e1s graves a largo plazo incluyen lesiones cerebrales y lesiones en la columna vertebral. Es raro ver las lesiones de un accidente de cami\u00f3n que no son graves o alterar la vida de alguna manera.<\/p>\n<p>Una excepci\u00f3n puede ocurrir si el cami\u00f3n simplemente golpe\u00f3 su parachoques, pero incluso entonces usted puede experimentar dolor y sufrimiento significativo a trav\u00e9s de latigazo cervical o algo m\u00e1s imprevisto.<\/p>\n<p>&nbsp;<\/p>\n<h2>\u00bfQui\u00e9n es responsable del costo del accidente?<\/h2>\n<p>En Idaho, la responsabilidad recae en la persona que caus\u00f3 el accidente. En la mayor\u00eda de los casos, los conductores pueden demandar a la parte responsable por una compensaci\u00f3n financiera. Sin embargo, hay que probar que la persona demandada es culpable, lo que significa evidencia, testimonio y otros detalles deben ser considerados.<\/p>\n<p>En cualquier caso, el seguro suele ser el foco de estas demandas a menos que la persona en cuesti\u00f3n no tiene ninguna. Cuando se trata de accidentes de camiones, la responsabilidad puede ser a\u00fan m\u00e1s complicada, ya que puede tener que investigar a los fabricantes de equipos, el conductor del cami\u00f3n, e incluso la empresa de camiones.<\/p>\n<p>&nbsp;<\/p>\n<h2>\u00bfNecesito un abogado de accidente de cami\u00f3n?<\/h2>\n<p>Cada vez que usted est\u00e1 involucrado en un accidente de cami\u00f3n o est\u00e1 buscando una compensaci\u00f3n por sus lesiones, lo mejor es tener un profesional legal que lo represente en un tribunal de justicia. Legalmente, usted es capaz de representarse a s\u00ed mismo, pero puede correr el riesgo de perder un paso en el camino o pasar por alto detalles importantes. Debido a esto, usted tambi\u00e9n se arriesga a perder un caso que no puede ser juzgado de nuevo.<\/p>\n<p>Con el fin de obtener la compensaci\u00f3n que merece, necesita abogados con experiencia en su lado para ayudar y contestar preguntas frecuentes accidentes de camiones en Boise.<\/p>\n<p>&nbsp;<\/p>\n<h2>\u00bfQu\u00e9 sucede si no obtengo un abogado?<\/h2>\n<p>Si no recibe un abogado, se le requerir\u00e1 presentar documentos y formularios de manera oportuna y presentar el mismo nivel de evidencia y conocimiento legal que un abogado. Esta es una raz\u00f3n por la que alistar los servicios de un abogado con experiencia es tan beneficioso. Accidentes de camiones en Idaho puede ser complicado cuestiones que usted no quiere arriesgar a tratar de navegar por su cuenta.<\/p>\n<p>&nbsp;<\/p>\n<h2>Trabaje con un abogado de accidentes de camiones en Boise<\/h2>\n<p>Los abogados de Craig Swapp &amp; Associates pueden proporcionarle m\u00e1s informaci\u00f3n para estas preguntas frecuentes sobre accidentes de camiones en Idaho, as\u00ed como muchas otras. Si usted o un ser querido ha estado en un accidente de cami\u00f3n, es importante que llene el siguiente formulario o llame gratis a nuestra oficina al 855-628-5050 para una consulta gratuita lo antes posible. Estamos aqu\u00ed para ayudar y contestar preguntas frecuentes accidentes de camiones en Boise.<\/p>\n","protected":false},"excerpt":{"rendered":"<p>Si recientemente ha estado en un accidente de cami\u00f3n en Boise o en cualquier otro lugar en Idaho, es probable que tenga varias preguntas en [&hellip;]<\/p>\n","protected":false},"author":2,"featured_media":0,"parent":4427,"menu_order":0,"comment_status":"closed","ping_status":"closed","template":"","meta":{"_acf_changed":false,"inline_featured_image":false,"footnotes":""},"class_list":["post-5971","page","type-page","status-publish","hentry"],"acf":[],"_links":{"self":[{"href":"https:\/\/craigswapp.com\/spanish\/wp-json\/wp\/v2\/pages\/5971","targetHints":{"allow":["GET"]}}],"collection":[{"href":"https:\/\/craigswapp.com\/spanish\/wp-json\/wp\/v2\/pages"}],"about":[{"href":"https:\/\/craigswapp.com\/spanish\/wp-json\/wp\/v2\/types\/page"}],"author":[{"embeddable":true,"href":"https:\/\/craigswapp.com\/spanish\/wp-json\/wp\/v2\/users\/2"}],"replies":[{"embeddable":true,"href":"https:\/\/craigswapp.com\/spanish\/wp-json\/wp\/v2\/comments?post=5971"}],"version-history":[{"count":1,"href":"https:\/\/craigswapp.com\/spanish\/wp-json\/wp\/v2\/pages\/5971\/revisions"}],"predecessor-version":[{"id":10924,"href":"https:\/\/craigswapp.com\/spanish\/wp-json\/wp\/v2\/pages\/5971\/revisions\/10924"}],"up":[{"embeddable":true,"href":"https:\/\/craigswapp.com\/spanish\/wp-json\/wp\/v2\/pages\/4427"}],"wp:attachment":[{"href":"https:\/\/craigswapp.com\/spanish\/wp-json\/wp\/v2\/media?parent=5971"}],"curies":[{"name":"wp","href":"https:\/\/api.w.org\/{rel}","templated":true}]}}