{"id":5969,"date":"2016-09-30T10:31:57","date_gmt":"2016-09-30T16:31:57","guid":{"rendered":"http:\/\/craigswapp1.wpengine.com\/?page_id=5969"},"modified":"2021-05-10T13:08:35","modified_gmt":"2021-05-10T13:08:35","slug":"culpa-accidente-camion-idaho","status":"publish","type":"page","link":"https:\/\/craigswapp.com\/spanish\/abogado-lesiones-personales-boise\/abogado-accidentes-camiones-boise\/culpa-accidente-camion-idaho\/","title":{"rendered":"\u00bfQui\u00e9n tiene la culpa por mi accidente de camiones en Idaho?"},"content":{"rendered":"<p>\nAl igual que otros estados, Idaho tiene estrictas leyes de seguros. Sin embargo, donde muchos estados tienen leyes de seguro sin culpa, Idaho opera bajo un sistema de seguro de culpa. Los conductores son legalmente capaces de demandar unos a otros cuando una persona causa un accidente que involucra al otro.<\/p>\n<p>Sin embargo, no siempre es f\u00e1cil determinar \u201cqui\u00e9n tiene la culpa por mi accidente de cami\u00f3n en Boise\u201d. Hay muchos elementos involucrados, cada uno de los cuales tiene el potencial para ser disecado en un tribunal de justicia.<\/p>\n<p>&nbsp;<\/p>\n<h2>Qu\u00e9 hacer despu\u00e9s de un accidente en Boise<\/h2>\n<p>Lo que usted hace inmediatamente despu\u00e9s de su accidente de cami\u00f3n en Idaho puede determinar qui\u00e9n es encontrado culpable por el tribunal. Necesitaremos suministrar evidencia tangible como condiciones de carreteras, an\u00e1lisis de sangre, testimonio de testigos y muchos otros detalles. Tambi\u00e9n se tienen en cuenta las violaciones y se\u00f1ales de tr\u00e1fico.<\/p>\n<p>Toda esta informaci\u00f3n tiene que ser probada de alguna manera, de las im\u00e1genes a la documentaci\u00f3n. Esto significa que tendr\u00e1 que recoger todas las pruebas que pueda inmediatamente despu\u00e9s del accidente y ponerse en contacto con la polic\u00eda lo antes posible. Tome fotos, anote la informaci\u00f3n de contacto y recopile todos los detalles disponibles.<\/p>\n<p>Si usted no es capaz de reunir pruebas, no significa que no ser\u00e1 capaz de determinar la culpa y buscar la indemnizaci\u00f3n m\u00e1s tarde. Esta es s\u00f3lo una de las razones por las que es importante tener un equipo legal calificado de su parte para ayudar.<\/p>\n<p>&nbsp;<\/p>\n<h2>Por qu\u00e9 la Culpa es Importante en Idaho<\/h2>\n<p>Incluso en los estados con seguro sin culpa, hay l\u00edmites a cu\u00e1ntas compa\u00f1\u00edas de seguros pagar\u00e1n sin que se le diga que lo haga por un veredicto dictado por el tribunal. Sin embargo, no es s\u00f3lo culpa que importa, sino el porcentaje de culpa.<\/p>\n<p>Si un cami\u00f3n estaba acelerando por el carril de paso, el conductor tiene alguna culpa por no poder detener a tiempo para evitar golpearle, pero los tribunales tambi\u00e9n podr\u00edan asignarle un porcentaje de falla para moverse en el carril de paso si pudiera ver que el cami\u00f3n se aceleraba detr\u00e1s de usted.<\/p>\n<p>En muchos casos, no es el conductor del cami\u00f3n que est\u00e1 determinado a ser culpable por el accidente. Tambi\u00e9n podr\u00eda haber empresas de camiones, mec\u00e1nicos y fabricantes que podr\u00edan ser culpables de sus lesiones.<\/p>\n<p>&nbsp;<\/p>\n<h2>Por qu\u00e9 Necesita un Abogado de Accidentes de Camiones<\/h2>\n<p>Al preguntar qui\u00e9n tiene la culpa de un accidente de cami\u00f3n Boise, es probable que desee saber cu\u00e1nta responsabilidad tiene, en su caso. Sin un abogado que tiene experiencia en accidentes de camiones en Idaho, corre el riesgo de tomar demasiado o no tomar lo suficiente. En cualquier caso, usted tiene demasiado en riesgo para tratar de navegar por un asunto complejo por s\u00ed solo.<\/p>\n<p>&nbsp;<\/p>\n<h2>Habla con un Abogado de Accidentes de Camiones en Boise<\/h2>\n<p>Si no est\u00e1 seguro de qui\u00e9n tiene la culpa de su accidente o c\u00f3mo probarlo, necesita abogados experto en accidentes de camiones para manejar los obst\u00e1culos legales para usted. Los abogados de Craig Swapp &amp; Associates tienen la experiencia y los conocimientos necesarios para asegurarse de obtener la compensaci\u00f3n que necesita.<\/p>\n<p>Para que sus preguntas sean respondidas en cuanto a culpa y cualquier otra que pueda tener, llene el siguiente formulario o ll\u00e1menos gratis al 800-404-9000.<\/p>\n","protected":false},"excerpt":{"rendered":"<p>Al igual que otros estados, Idaho tiene estrictas leyes de seguros. Sin embargo, donde muchos estados tienen leyes de seguro sin culpa, Idaho opera bajo [&hellip;]<\/p>\n","protected":false},"author":2,"featured_media":0,"parent":4427,"menu_order":0,"comment_status":"closed","ping_status":"closed","template":"","meta":{"_acf_changed":false,"inline_featured_image":false,"footnotes":""},"class_list":["post-5969","page","type-page","status-publish","hentry"],"acf":[],"_links":{"self":[{"href":"https:\/\/craigswapp.com\/spanish\/wp-json\/wp\/v2\/pages\/5969","targetHints":{"allow":["GET"]}}],"collection":[{"href":"https:\/\/craigswapp.com\/spanish\/wp-json\/wp\/v2\/pages"}],"about":[{"href":"https:\/\/craigswapp.com\/spanish\/wp-json\/wp\/v2\/types\/page"}],"author":[{"embeddable":true,"href":"https:\/\/craigswapp.com\/spanish\/wp-json\/wp\/v2\/users\/2"}],"replies":[{"embeddable":true,"href":"https:\/\/craigswapp.com\/spanish\/wp-json\/wp\/v2\/comments?post=5969"}],"version-history":[{"count":2,"href":"https:\/\/craigswapp.com\/spanish\/wp-json\/wp\/v2\/pages\/5969\/revisions"}],"predecessor-version":[{"id":10915,"href":"https:\/\/craigswapp.com\/spanish\/wp-json\/wp\/v2\/pages\/5969\/revisions\/10915"}],"up":[{"embeddable":true,"href":"https:\/\/craigswapp.com\/spanish\/wp-json\/wp\/v2\/pages\/4427"}],"wp:attachment":[{"href":"https:\/\/craigswapp.com\/spanish\/wp-json\/wp\/v2\/media?parent=5969"}],"curies":[{"name":"wp","href":"https:\/\/api.w.org\/{rel}","templated":true}]}}