{"id":5917,"date":"2016-09-16T12:35:30","date_gmt":"2016-09-16T18:35:30","guid":{"rendered":"http:\/\/craigswapp1.wpengine.com\/?page_id=5917"},"modified":"2021-05-12T12:57:18","modified_gmt":"2021-05-12T12:57:18","slug":"abogado-accidentes-exceso-velocidad-spokane","status":"publish","type":"page","link":"https:\/\/craigswapp.com\/spanish\/spokane\/abogado-accidentes-carros-spokane\/abogado-accidentes-exceso-velocidad-spokane\/","title":{"rendered":"Abogado de accidentes por exceso de velocidad en Spokane"},"content":{"rendered":"<p>\nMuchos conductores viajan m\u00e1s r\u00e1pido que los l\u00edmites de velocidad publicados en un momento u otro, especialmente en las carreteras. Nuestras vidas ocupadas nos hacen correr de un destino a otro sin pensar en las consecuencias devastadoras y catastr\u00f3ficas que puede tener el exceso de velocidad.<\/p>\n<p>Los l\u00edmites de velocidad son medidas de seguridad destinadas a proteger la vida de conductores, peatones y ciclistas. El exceso de velocidad puede hacer que sea imposible detenerse de manera segura y reaccionar ante movimientos bruscos. Al igual que la conducci\u00f3n en estado de ebriedad y la conducci\u00f3n distra\u00edda, el exceso de velocidad es una forma de negligencia que hace que el conductor responsable sea responsable de cualquier accidente que se produzca como resultado.<\/p>\n<p>El exceso de velocidad juega un papel importante en las lesiones graves de accidentes automovil\u00edsticos. Seg\u00fan la Administraci\u00f3n Nacional de Seguridad del Tr\u00e1fico en Carreteras, hubo 32,675 muertes en el tr\u00e1fico en 2014, y 9,262 accidentes relacionados con la velocidad. Si se lesion\u00f3 en una colisi\u00f3n relacionada con la velocidad, un abogado de accidentes de exceso de velocidad en Spokane de Craig Swapp &amp; Associates puede proteger sus derechos y ayudarlo a explorar sus opciones de compensaci\u00f3n monetaria.<\/p>\n<p>&nbsp;<\/p>\n<h2>El exceso de velocidad en el estado de Washington<\/h2>\n<p>En 2014, los accidentes causados \u200b\u200bpor exceso de velocidad en Washington explicaron lo siguiente:<\/p>\n<ul>\n<li style=\"font-weight: 400;\">19,130 accidentes<\/li>\n<li style=\"font-weight: 400;\">151 fatalidades<\/li>\n<li style=\"font-weight: 400;\">425 lesiones graves<\/li>\n<li style=\"font-weight: 400;\">6,071 accidentes menores<\/li>\n<li style=\"font-weight: 400;\">12,114 reclamaciones por da\u00f1os a la propiedad<\/li>\n<li style=\"font-weight: 400;\">Un conductor por exceso de velocidad estuvo involucrado en un choque cada veintiocho minutos<\/li>\n<\/ul>\n<p>&nbsp;<\/p>\n<h2>El exceso de velocidad y accidentes en Spokane<\/h2>\n<p>El Instituto de Seguros para la Seguridad en las Carreteras (IIHS) informa que existe una correlaci\u00f3n directa entre la velocidad del veh\u00edculo y la gravedad de los choques y las lesiones. Cuanto m\u00e1s r\u00e1pido acelere el conductor, mayor ser\u00e1 el impacto de la colisi\u00f3n y el aumento de la gravedad de las lesiones. El informe del IIHS tambi\u00e9n sostiene que el riesgo de sufrir lesiones en un accidente por exceso de velocidad en Spokane es menor para los conductores que conducen cerca del l\u00edmite de velocidad establecido, y que el riesgo de lesiones aumenta para aquellos que conducen a velocidades m\u00e1s altas.<\/p>\n<p>Muchos accidentes por exceso de velocidad en Spokane podr\u00edan haberse evitado si los automovilistas hubieran estado viajando a velocidades m\u00e1s lentas. Maniobrar un veh\u00edculo motorizado tambi\u00e9n es m\u00e1s dif\u00edcil a velocidades m\u00e1s altas, lo que puede resultar en errores de c\u00e1lculo del conductor:<\/p>\n<ul>\n<li style=\"font-weight: 400;\">Tiempos de parada m\u00e1s largos al acelerar<\/li>\n<li style=\"font-weight: 400;\">Perder el control en un giro o al cambiar de carril<\/li>\n<li style=\"font-weight: 400;\">Capacidad reducida para reaccionar ante el tr\u00e1fico y las condiciones de la carretera<\/li>\n<\/ul>\n<p>Todos estos elementos se combinan para ilustrar completamente lo realmente descuidados que son los conductores de velocidad. Las personas que aceleran no solo se ponen en riesgo; tambi\u00e9n arriesgan la salud y el bienestar de todos en el camino con ellos. Si un conductor por exceso de velocidad caus\u00f3 su accidente automovil\u00edstico, se le puede pagar un arreglo por sus lesiones y gastos.<\/p>\n<p>&nbsp;<\/p>\n<h2>Conducir muy r\u00e1pido para las condiciones del camino es imprudente<\/h2>\n<p>El exceso de velocidad es m\u00e1s peligroso cuando las condiciones clim\u00e1ticas peligrosas dificultan la visibilidad y hacen que las carreteras est\u00e9n resbaladizas. En estas situaciones, puede ser necesario conducir m\u00e1s lento que el l\u00edmite de velocidad publicado. Los conductores que no lo hacen pueden ser encontrados culpables de su accidente, incluso si estaban conduciendo en el l\u00edmite de velocidad establecido.<\/p>\n<p>Conducir a velocidades seguras para la construcci\u00f3n de carreteras tambi\u00e9n es importante. Para mantener seguros a los trabajadores de la construcci\u00f3n y los veh\u00edculos circundantes, es importante que los conductores reduzcan la velocidad del veh\u00edculo.<\/p>\n<p>&nbsp;<\/p>\n<h2>Un abogado de accidentes por exceso de velocidad en Spokane puede ayudarlo<\/h2>\n<p>Los accidentes debidos al exceso de velocidad pueden ser devastadores y cambiar temporal o permanentemente el curso de la vida de uno. Si usted o un ser querido ha sufrido lesiones en un accidente causado por un conductor que estaba acelerando o conduciendo demasiado r\u00e1pido para las condiciones del camino, es crucial consultar con un abogado de accidentes de exceso de velocidad en Spokane de Craig Swapp &amp; Associates.<\/p>\n<p>Con experiencia en accidentes relacionados con el exceso de velocidad, nos dedicamos a recuperar la compensaci\u00f3n por sus lesiones con una representaci\u00f3n agresiva y compasiva. Tratamos con \u00e9xito los casos de accidentes por exceso de velocidad de manera regular y trabajaremos arduamente para proteger sus derechos legales.<\/p>\n<p>Complete nuestro formulario a continuaci\u00f3n o ll\u00e1menos al 1-855-628-5050 para una consulta inicial gratuita. Deje que los abogados de accidentes de exceso de velocidad en Spokane de Craig Swapp &amp; Associates trabajen para usted.<\/p>\n","protected":false},"excerpt":{"rendered":"<p>Muchos conductores viajan m\u00e1s r\u00e1pido que los l\u00edmites de velocidad publicados en un momento u otro, especialmente en las carreteras. Nuestras vidas ocupadas nos hacen [&hellip;]<\/p>\n","protected":false},"author":2,"featured_media":0,"parent":3930,"menu_order":0,"comment_status":"closed","ping_status":"closed","template":"","meta":{"_acf_changed":false,"inline_featured_image":false,"footnotes":""},"class_list":["post-5917","page","type-page","status-publish","hentry"],"acf":[],"_links":{"self":[{"href":"https:\/\/craigswapp.com\/spanish\/wp-json\/wp\/v2\/pages\/5917","targetHints":{"allow":["GET"]}}],"collection":[{"href":"https:\/\/craigswapp.com\/spanish\/wp-json\/wp\/v2\/pages"}],"about":[{"href":"https:\/\/craigswapp.com\/spanish\/wp-json\/wp\/v2\/types\/page"}],"author":[{"embeddable":true,"href":"https:\/\/craigswapp.com\/spanish\/wp-json\/wp\/v2\/users\/2"}],"replies":[{"embeddable":true,"href":"https:\/\/craigswapp.com\/spanish\/wp-json\/wp\/v2\/comments?post=5917"}],"version-history":[{"count":1,"href":"https:\/\/craigswapp.com\/spanish\/wp-json\/wp\/v2\/pages\/5917\/revisions"}],"predecessor-version":[{"id":11162,"href":"https:\/\/craigswapp.com\/spanish\/wp-json\/wp\/v2\/pages\/5917\/revisions\/11162"}],"up":[{"embeddable":true,"href":"https:\/\/craigswapp.com\/spanish\/wp-json\/wp\/v2\/pages\/3930"}],"wp:attachment":[{"href":"https:\/\/craigswapp.com\/spanish\/wp-json\/wp\/v2\/media?parent=5917"}],"curies":[{"name":"wp","href":"https:\/\/api.w.org\/{rel}","templated":true}]}}