{"id":5847,"date":"2016-09-07T15:55:49","date_gmt":"2016-09-07T15:55:49","guid":{"rendered":"http:\/\/craigswapp1.wpengine.com\/?page_id=5847"},"modified":"2021-05-10T12:57:06","modified_gmt":"2021-05-10T12:57:06","slug":"abogado-accidentes-de-peatones-en-salt-lake-city","status":"publish","type":"page","link":"https:\/\/craigswapp.com\/spanish\/abogado-accidentes-de-peatones-en-salt-lake-city\/","title":{"rendered":"Abogado de Accidentes de Peatones en Salt Lake City"},"content":{"rendered":"<p>\nComo cualquier otro accidente, los accidentes de peatones pueden ser muy dif\u00edciles de entender. Nadie piensa que caminar es peligroso. Cuando se elige una forma saludable de transporte, nunca te esperas un accidente. Usted no creer\u00eda cu\u00e1ntas veces lo hace.<\/p>\n<p>\u00bfUsted sab\u00eda que los peatones tienen derechos? Si usted o alguien que conoce est\u00e1 involucrado en un accidente de peatones, tiene varias opciones para conseguir la compensaci\u00f3n que merece. Obtener informaci\u00f3n acerca de sus opciones como una v\u00edctima de accidente de peatones, y lo que un abogado de accidentes de peatones de Salt Lake City puede hacer para ayudar despu\u00e9s de un accidente de peatones.<\/p>\n<p>&nbsp;<\/p>\n<h2>Servicios M\u00e9dicos<\/h2>\n<p>Muchas veces despu\u00e9s de un accidente de peatones que requieren una gran cantidad de atenci\u00f3n m\u00e9dica y posiblemente cirug\u00edas. En un accidente de peatones hay un mayor riesgo de peligro. A diferencia de un <a href=\"https:\/\/craigswapp.com\/spanish\/es\/abogado-de-accidente-de-auto-en-salt-lake-city\/\">accidente de coche<\/a>, no hay nada para proteger su cuerpo. Debido a esto, es muy importante que busque atenci\u00f3n m\u00e9dica inmediatamente despu\u00e9s de su accidente.<\/p>\n<p>&nbsp;<\/p>\n<h2>Las Lesiones de Accidentes<\/h2>\n<p>Al ver a un m\u00e9dico inmediatamente despu\u00e9s de un accidente puede ayudar a averiguar si tiene cualquier enfermedad que no se pueden ver como <a href=\"https:\/\/www.ninds.nih.gov\/disorders\/\" target=\"_blank\" rel=\"noopener noreferrer\">lesi\u00f3n cerebral traum\u00e1tica<\/a> (lesi\u00f3n traum\u00e1tica del cerebro). Consultar con un abogado de accidentes de peatones de Salt Lake City con experiencia puede ayudar a averiguar la compensaci\u00f3n que merece en base a los registros m\u00e9dicos que recibe de su m\u00e9dico.<\/p>\n<p>Si usted est\u00e1 en conflicto con su compa\u00f1\u00eda de seguros acerca de recibir el tratamiento recomendado por su m\u00e9dico, un abogado de accidentes de peatones puede ayudar a obtener la compensaci\u00f3n y la atenci\u00f3n que necesita para que usted puede centrarse totalmente en la sanidad.<\/p>\n<p>&nbsp;<\/p>\n<h2>Los Beneficios de Incapacidad Prolongada<\/h2>\n<p>Despu\u00e9s de estar en un accidente de peatones, es muy f\u00e1cil de sufrir de discapacidad a largo plazo. Si usted tiene una herida grave que tendr\u00e1 una duraci\u00f3n de 12 meses o m\u00e1s, y esta <a href=\"https:\/\/craigswapp.com\/spanish\/es\/abogado-de-lesiones-personales-en-salt-lake-city\/\">lesi\u00f3n<\/a> le impide trabajar, usted puede calificar para la incapacidad. Si son capaces de recibir la discapacidad y no tiene que trabajar, puede centrarse en hacer todo lo posible para curarse a s\u00ed mismo.<\/p>\n<p>La obtenci\u00f3n de la aprobaci\u00f3n por su cuenta puede ser dif\u00edcil, y muchas personas optar por contratar a un abogado para ayudarles con este proceso. Un abogado de accidente de peatones de Salt Lake City puede ayudar a acelerar el proceso y obtener la compensaci\u00f3n que merece.<\/p>\n<p>&nbsp;<\/p>\n<h2>Usted No Tiene Que Hacerlo Todo<\/h2>\n<p>Estamos listos para ayudar tan pronto como se llame. No espere ni un minuto m\u00e1s, llame <a href=\"https:\/\/craigswapp.com\/spanish\/\">Craig Swapp Y Asociados<\/a> al <a href=\"tel:18556285050\">1-855-628-5050<\/a> ahora para una consulta gratuita. Queremos que se centre en su curaci\u00f3n y centr\u00e9monos en su compensaci\u00f3n. Realizar la llamada y aliviar el estr\u00e9s ahora.<\/p>\n<p>Cada accidente es diferente y no importa cu\u00e1n preparado est\u00e1, siempre ayuda tener a alguien a su lado. Nuestros abogados calificados har\u00e1n que su resultado su prioridad. \u00a1Vamos a trabajar juntos para conseguir el mejor resultado posible! \u00a1No espere, llame ahora y vamos a empezar a ayudar!<\/p>\n","protected":false},"excerpt":{"rendered":"<p>Como cualquier otro accidente, los accidentes de peatones pueden ser muy dif\u00edciles de entender. Nadie piensa que caminar es peligroso. Cuando se elige una forma [&hellip;]<\/p>\n","protected":false},"author":2,"featured_media":0,"parent":0,"menu_order":0,"comment_status":"open","ping_status":"closed","template":"","meta":{"_acf_changed":false,"inline_featured_image":false,"footnotes":""},"class_list":["post-5847","page","type-page","status-publish","hentry"],"acf":[],"_links":{"self":[{"href":"https:\/\/craigswapp.com\/spanish\/wp-json\/wp\/v2\/pages\/5847","targetHints":{"allow":["GET"]}}],"collection":[{"href":"https:\/\/craigswapp.com\/spanish\/wp-json\/wp\/v2\/pages"}],"about":[{"href":"https:\/\/craigswapp.com\/spanish\/wp-json\/wp\/v2\/types\/page"}],"author":[{"embeddable":true,"href":"https:\/\/craigswapp.com\/spanish\/wp-json\/wp\/v2\/users\/2"}],"replies":[{"embeddable":true,"href":"https:\/\/craigswapp.com\/spanish\/wp-json\/wp\/v2\/comments?post=5847"}],"version-history":[{"count":1,"href":"https:\/\/craigswapp.com\/spanish\/wp-json\/wp\/v2\/pages\/5847\/revisions"}],"predecessor-version":[{"id":10869,"href":"https:\/\/craigswapp.com\/spanish\/wp-json\/wp\/v2\/pages\/5847\/revisions\/10869"}],"wp:attachment":[{"href":"https:\/\/craigswapp.com\/spanish\/wp-json\/wp\/v2\/media?parent=5847"}],"curies":[{"name":"wp","href":"https:\/\/api.w.org\/{rel}","templated":true}]}}