{"id":5832,"date":"2016-09-07T17:20:27","date_gmt":"2016-09-07T17:20:27","guid":{"rendered":"http:\/\/craigswapp1.wpengine.com\/?page_id=5832"},"modified":"2021-05-10T13:11:24","modified_gmt":"2021-05-10T13:11:24","slug":"boise-speeding-accident-lawyer","status":"publish","type":"page","link":"https:\/\/craigswapp.com\/spanish\/abogado-lesiones-personales-boise\/abogado-de-accidentes-de-carro\/boise-speeding-accident-lawyer\/","title":{"rendered":"Abogado de accidentes de alta velocidad en Boise"},"content":{"rendered":"<p>\nLa alta velocidad ha sido durante mucho tiempo una de las principales causas de accidentes de tr\u00e1fico en todo Estados Unidos, pero los conductores todav\u00eda lo hacen todo el tiempo de todos modos. Ellos piensan que un accidente no les suceder\u00e1, o est\u00e1n distra\u00eddos por otra cosa y no se dan cuenta de lo r\u00e1pido que van realmente.<\/p>\n<p>Sin embargo, los peligros de exceso de velocidad se hacen f\u00e1cilmente evidentes cuando se producen los resultados de un accidente y lesiones y da\u00f1os a la propiedad. Si usted fue herido por un conductor de exceso de velocidad, un abogado de accidentes de alta velocidad en Boise de Craig Swapp &amp; Associates puede investigar su accidente, construir un caso fuerte, y obtener la indemnizaci\u00f3n que el conductor en culpa le debe por su imprudencia.<\/p>\n<p>&nbsp;<\/p>\n<h2>Los peligros de la alta velocidad<\/h2>\n<p>La Administraci\u00f3n Nacional de Seguridad de Tr\u00e1fico de Carreteras estima que en todo el pa\u00eds en 2012, el 30 por ciento de todos los accidentes mortales ocurrieron por alta velocidad. Cuanto m\u00e1s r\u00e1pido conduzca, menos tiempo tendr\u00e1 para reaccionar a se\u00f1ales de tr\u00e1fico, otros coches en la carretera, las condiciones de la carretera y la presencia de peatones y ciclistas.<\/p>\n<p>Velocidades m\u00e1s altas tambi\u00e9n significan m\u00e1s fuerza detr\u00e1s del impacto cuando ocurre un accidente, lo que significa que m\u00e1s da\u00f1o se hace tanto a la propiedad como a las personas. Cuando se trata de exceso de velocidad, las lesiones por lo general se extienden mucho m\u00e1s all\u00e1 de las lesiones menores, tales como moretones y latigazo. Las muertes son comunes, al igual que las discapacidades permanentes y la vida, incluyendo la par\u00e1lisis y el da\u00f1o cerebral.<\/p>\n<p>&nbsp;<\/p>\n<h2>Compensaci\u00f3n financiera por accidentes de alta velocidad<\/h2>\n<p>Despu\u00e9s de un accidente de alta velocidad, usted debe llamar a nuestra oficina tan pronto como sea posible porque el tiempo es importante cuando se recogen pruebas para un caso. Necesitaremos demostrar qui\u00e9n fue culpable por su accidente de exceso de velocidad y construir un caso que demuestre claramente la negligencia del culpable.<\/p>\n<p>Usted puede pedir compensaci\u00f3n del conductor de exceso de velocidad por cualquier gasto y da\u00f1os causados por el accidente. Facturas m\u00e9dicas, terapia f\u00edsica y emocional, modificaciones en su hogar o veh\u00edculo para acomodar una discapacidad y dolor y sufrimiento deben ser tenidas en cuenta en su premio financiero.<\/p>\n<p>Estar en un accidente es un evento traum\u00e1tico, hecho a\u00fan peor cuando el pobre juicio del conductor y la imprudencia son lo que cambi\u00f3 tan profundamente su vida. Busque a un abogado de accidentes de alta velocidad en Boise de nuestra oficina para manejar los obst\u00e1culos legales mientras se concentra en su recuperaci\u00f3n y seguir adelante con su vida.<\/p>\n<p>&nbsp;<\/p>\n<h2>Ayuda de un abogado de accidentes de alta velocidad en Boise<\/h2>\n<p>Usted no debe tener que soportar las cargas de las lesiones, los gastos y las p\u00e9rdidas financieras de un accidente por exceso de velocidad por su cuenta. Si usted ha estado en un accidente de auto que fue causado por un conductor manejando en una alta velocidad, usted podr\u00eda tener derecho a una compensaci\u00f3n monetaria. En Craig Swapp &amp; Associates, le ayudamos a administrar el proceso legal y representarlo de principio a fin.<\/p>\n<p>Despu\u00e9s de ser herido en un accidente de alta velocidad en Boise, contacte a nuestro equipo de abogados experimentados del accidente de coche para manejar su caso de lesi\u00f3n personal. Para programar la evaluaci\u00f3n gratuita de su caso, simplemente ll\u00e1menos al 800-404-9000. Alternativamente, llene nuestro formulario de contacto en la parte inferior de esta p\u00e1gina, y uno de los miembros de nuestro equipo se pondr\u00e1 en contacto con usted para organizar una reuni\u00f3n.<\/p>\n","protected":false},"excerpt":{"rendered":"<p>La alta velocidad ha sido durante mucho tiempo una de las principales causas de accidentes de tr\u00e1fico en todo Estados Unidos, pero los conductores todav\u00eda [&hellip;]<\/p>\n","protected":false},"author":2,"featured_media":0,"parent":4399,"menu_order":0,"comment_status":"closed","ping_status":"closed","template":"","meta":{"_acf_changed":false,"inline_featured_image":false,"footnotes":""},"class_list":["post-5832","page","type-page","status-publish","hentry"],"acf":[],"_links":{"self":[{"href":"https:\/\/craigswapp.com\/spanish\/wp-json\/wp\/v2\/pages\/5832","targetHints":{"allow":["GET"]}}],"collection":[{"href":"https:\/\/craigswapp.com\/spanish\/wp-json\/wp\/v2\/pages"}],"about":[{"href":"https:\/\/craigswapp.com\/spanish\/wp-json\/wp\/v2\/types\/page"}],"author":[{"embeddable":true,"href":"https:\/\/craigswapp.com\/spanish\/wp-json\/wp\/v2\/users\/2"}],"replies":[{"embeddable":true,"href":"https:\/\/craigswapp.com\/spanish\/wp-json\/wp\/v2\/comments?post=5832"}],"version-history":[{"count":1,"href":"https:\/\/craigswapp.com\/spanish\/wp-json\/wp\/v2\/pages\/5832\/revisions"}],"predecessor-version":[{"id":10926,"href":"https:\/\/craigswapp.com\/spanish\/wp-json\/wp\/v2\/pages\/5832\/revisions\/10926"}],"up":[{"embeddable":true,"href":"https:\/\/craigswapp.com\/spanish\/wp-json\/wp\/v2\/pages\/4399"}],"wp:attachment":[{"href":"https:\/\/craigswapp.com\/spanish\/wp-json\/wp\/v2\/media?parent=5832"}],"curies":[{"name":"wp","href":"https:\/\/api.w.org\/{rel}","templated":true}]}}