{"id":5830,"date":"2016-09-07T17:20:28","date_gmt":"2016-09-07T17:20:28","guid":{"rendered":"http:\/\/craigswapp1.wpengine.com\/?page_id=5830"},"modified":"2021-05-10T13:17:47","modified_gmt":"2021-05-10T13:17:47","slug":"boise-pokemon-go-car-accident-lawyer","status":"publish","type":"page","link":"https:\/\/craigswapp.com\/spanish\/abogado-lesiones-personales-boise\/abogado-de-accidentes-de-carro\/boise-pokemon-go-car-accident-lawyer\/","title":{"rendered":"Pok\u00e9mon Go-Abogado de accidentes de auto en Boise"},"content":{"rendered":"<p>\nEn los accidentes de conducci\u00f3n distra\u00eddos, a veces resulta que los conductores se distrajeron por una discusi\u00f3n con un pasajero, mientras que otros se centraron en comer durante la conducci\u00f3n. Las distracciones van de la gama e incluyen una variedad casi infinita, muchas de las cuales son la culpa directa del conductor. Tal es el caso de los conductores que naufragar al mismo tiempo jugando juegos en su tel\u00e9fono celular.<\/p>\n<p>Pok\u00e9mon Go es un juego de realidad aumentada basado en la ubicaci\u00f3n, y advierte claramente a los jugadores que presten atenci\u00f3n a su entorno mientras se carga. Pok\u00e9mon Go puede estar sacando a los jugadores del sof\u00e1 y fuera de la casa, pero tambi\u00e9n est\u00e1 contribuyendo a los numerosos accidentes automovil\u00edsticos que ocurren debido a la conducci\u00f3n distra\u00edda. Si usted fue v\u00edctima de un accidente automovil\u00edstico causado por un conductor distra\u00eddo por la b\u00fasqueda de Pok\u00e9mon, es hora de ponerse en contacto con un abogado de accidente de auto por Pok\u00e9mon Go en Boise de Craig Swapp &amp; Associates.<\/p>\n<p>&nbsp;<\/p>\n<h2>C\u00f3mo el Pok\u00e9mon Go afecta la conducci\u00f3n<\/h2>\n<p>Como un juego de realidad aumentada, Pok\u00e9mon Go combina la ubicaci\u00f3n del usuario con elementos de juego digital para proporcionar a los jugadores con personajes Pok\u00e9mon para encontrar y atrapar. El objetivo del juego es recopilar tantos Pok\u00e9mon de alto nivel como sea posible. El problema es que el juego requiere que los jugadores se muevan mucho, lo que desafortunadamente ha causado que algunos usuarios de aplicaciones jueguen mientras manejan un veh\u00edculo en movimiento.<\/p>\n<p>El juego estaba destinado a sacar a los jugadores, algo \u00fanico en los videojuegos. Desafortunadamente, cuando la gente juega irresponsablemente y conduce al mismo tiempo, conduce a accidentes de conducci\u00f3n distra\u00eddos. En 2014, casi 5.000 accidentes ocurrieron debido a conducci\u00f3n distra\u00edda seg\u00fan el Departamento de Transporte de Idaho. Es probable que los n\u00fameros actuales aumenten, ya que un gran n\u00famero de personas est\u00e1n jugando Pok\u00e9mon Go mientras conducen a pesar de las advertencias de la aplicaci\u00f3n para no hacerlo.<\/p>\n<p>&nbsp;<\/p>\n<h2>Las consecuencias de jugar Pok\u00e9mon Go mientras conduce<\/h2>\n<p>Los accidentes de conducci\u00f3n distra\u00eddos causados por jugar un juego de realidad aumentada mientras est\u00e1n detr\u00e1s del volante pueden causar lesiones extremadamente graves. Jugar un juego mientras se conduce es muy parecido a beber y conducir, el conductor no est\u00e1 lo suficientemente alerta como para reaccionar al tr\u00e1fico ya las condiciones de la carretera.<\/p>\n<p>Jugar un juego m\u00f3vil mientras se maneja un auto es una decisi\u00f3n irresponsable, y no deber\u00edas tener que pagar por el error de otra persona. Un abogado de accidentes de autom\u00f3vil de Boise Pok\u00e9mon Go de nuestra oficina le ayudar\u00e1 a buscar una compensaci\u00f3n financiera de la parte responsable.<\/p>\n<p>&nbsp;<\/p>\n<h2>Pok\u00e9mon Go-Abogado de accidentes de auto en Boise<\/h2>\n<p>Aunque las personas que juegan Pok\u00e9mon Go simplemente se divierten, los juegos y la conducci\u00f3n nunca deben combinarse. Incluso si un conductor distra\u00eddo no ten\u00eda intenci\u00f3n de causar un accidente de coche, no deber\u00eda tener que sufrir las consecuencias financieras cuando la imprudencia de otro es la culpa. Los abogados de Craig Swapp &amp; Associates pueden obtener la compensaci\u00f3n que le permitir\u00e1 recuperar lo m\u00e1s posible de su accidente.<\/p>\n<p>Si usted o alguien que usted conoce se ha lesionado en un accidente de coche causado por el uso de dispositivos m\u00f3viles o alg\u00fan otro tipo de conducci\u00f3n distra\u00edda, le ayudaremos a buscar la justicia y la restituci\u00f3n financiera. Ponga a uno de nuestros abogados calificados en su caso llamando al 800-404-9000 o llene el formulario al pie de esta p\u00e1gina.<\/p>\n","protected":false},"excerpt":{"rendered":"<p>En los accidentes de conducci\u00f3n distra\u00eddos, a veces resulta que los conductores se distrajeron por una discusi\u00f3n con un pasajero, mientras que otros se centraron [&hellip;]<\/p>\n","protected":false},"author":2,"featured_media":0,"parent":4399,"menu_order":0,"comment_status":"closed","ping_status":"closed","template":"","meta":{"_acf_changed":false,"inline_featured_image":false,"footnotes":""},"class_list":["post-5830","page","type-page","status-publish","hentry"],"acf":[],"_links":{"self":[{"href":"https:\/\/craigswapp.com\/spanish\/wp-json\/wp\/v2\/pages\/5830","targetHints":{"allow":["GET"]}}],"collection":[{"href":"https:\/\/craigswapp.com\/spanish\/wp-json\/wp\/v2\/pages"}],"about":[{"href":"https:\/\/craigswapp.com\/spanish\/wp-json\/wp\/v2\/types\/page"}],"author":[{"embeddable":true,"href":"https:\/\/craigswapp.com\/spanish\/wp-json\/wp\/v2\/users\/2"}],"replies":[{"embeddable":true,"href":"https:\/\/craigswapp.com\/spanish\/wp-json\/wp\/v2\/comments?post=5830"}],"version-history":[{"count":1,"href":"https:\/\/craigswapp.com\/spanish\/wp-json\/wp\/v2\/pages\/5830\/revisions"}],"predecessor-version":[{"id":10943,"href":"https:\/\/craigswapp.com\/spanish\/wp-json\/wp\/v2\/pages\/5830\/revisions\/10943"}],"up":[{"embeddable":true,"href":"https:\/\/craigswapp.com\/spanish\/wp-json\/wp\/v2\/pages\/4399"}],"wp:attachment":[{"href":"https:\/\/craigswapp.com\/spanish\/wp-json\/wp\/v2\/media?parent=5830"}],"curies":[{"name":"wp","href":"https:\/\/api.w.org\/{rel}","templated":true}]}}