{"id":5654,"date":"2016-08-06T00:47:18","date_gmt":"2016-08-06T00:47:18","guid":{"rendered":"http:\/\/craigswapp1.wpengine.com\/?page_id=5654"},"modified":"2021-05-10T12:53:56","modified_gmt":"2021-05-10T12:53:56","slug":"accidentes-construcion-tipos","status":"publish","type":"page","link":"https:\/\/craigswapp.com\/spanish\/abogado-accidente-construccion\/accidentes-construcion-tipos\/","title":{"rendered":"Tipos Comunes de Accidentes de Construcci\u00f3n"},"content":{"rendered":"<p>\nLa Oficina de Estad\u00edsticas Laborales (BLS) comparte regularmente informes sobre accidentes, especialmente aquellos que ocurren en el trabajo. En su mayor parte, estos informes ayudan a las empresas a crear condiciones de trabajo m\u00e1s seguras, pero tambi\u00e9n ayudan a las compa\u00f1\u00edas de seguros a entender los riesgos asociados con las compa\u00f1\u00edas que cubren. Los datos tambi\u00e9n pueden ayudar a los trabajadores y empleadores a comprender las causas de ciertos tipos de accidentes.<\/p>\n<p>Los tipos comunes de accidentes de construcci\u00f3n no son siempre lo que podr\u00eda pensar primero. Los accidentes de la construcci\u00f3n ocurren a menudo cuando dos compa\u00f1\u00edas est\u00e1n trabajando en el mismo sitio en lugar de uno solo. Tambi\u00e9n suelen implicar las acciones de una persona que est\u00e1 visitando el sitio de trabajo.<\/p>\n<p>En estos tipos de accidentes de construcci\u00f3n de Salt Lake City, es crucial que usted tenga un abogado con experiencia en su lado para ayudar a determinar qui\u00e9n es responsable de su lesi\u00f3n y c\u00f3mo se cubrir\u00e1 financieramente. En Craig Swapp &amp; Associates, podemos ayudarle a hacer precisamente eso.<\/p>\n<p>&nbsp;<\/p>\n<h2>Accidentes de Construcci\u00f3n m\u00e1s Comunes<\/h2>\n<p>Los accidentes de la construcci\u00f3n ocurren todo el tiempo, lo m\u00e1s a menudo posible porque la gente est\u00e1 cansada, no entrenada correctamente, o porque la comunicaci\u00f3n era carente. Algunos de los accidentes de construcci\u00f3n m\u00e1s comunes incluyen los siguientes:<\/p>\n<ul>\n<li style=\"font-weight: 400;\">Ca\u00eddas &#8211; Las \u00e1reas inseguras que crean riesgos de ca\u00eddas pueden incluir superficies h\u00famedas, escombros y terreno irregular. Escalera cae tambi\u00e9n puede suceder debido a la negligencia por parte de otra persona y puede dar lugar a lesiones graves.<\/li>\n<li style=\"font-weight: 400;\">Incendios &#8211; Los incendios destruyen la propiedad y causan lesiones graves, ya sea por quemaduras o por inhalaci\u00f3n de humo. Ellos ocurren m\u00e1s com\u00fanmente cuando los subcontratistas no se comunican entre s\u00ed sobre el uso de materiales combustibles en el \u00e1rea de otros riesgos de incendio.<\/li>\n<li style=\"font-weight: 400;\">Colisiones &#8211; Si una colisi\u00f3n con un objeto que cae de dos pisos para arriba o un veh\u00edculo que tira de una zona de la construcci\u00f3n, las colisiones componen una porci\u00f3n grande de los tipos comunes de accidentes de la construcci\u00f3n.<\/li>\n<li style=\"font-weight: 400;\">Falla del Equipo &#8211; Algunos accidentes ocurren debido al equipo defectuoso. Si una escalera mal construida o una gr\u00faa funciona mal mientras est\u00e1 en uso, las lesiones son casi seguro ocurrir.<\/li>\n<li style=\"font-weight: 400;\">Exposici\u00f3n t\u00f3xica &#8211; Algunos sitios de construcci\u00f3n requieren que los trabajadores utilicen o est\u00e9n muy cerca de sustancias t\u00f3xicas. Dependiendo de la naturaleza exacta de la sustancia en cuesti\u00f3n, si no se toman las precauciones de seguridad adecuadas, una serie de posibles lesiones y enfermedades podr\u00edan resultar.<\/li>\n<\/ul>\n<p>&nbsp;<\/p>\n<h2>B\u00fasqueda de Compensaci\u00f3n por Accidentes de Construcci\u00f3n<\/h2>\n<p>Si usted fue herido debido a un accidente que implica a alguien o algo dentro de su propia compa\u00f1\u00eda, sus opciones de la remuneraci\u00f3n ser\u00e1n probablemente bastante directas. Sin embargo, esto no es siempre el caso con todos los accidentes de construcci\u00f3n. Por ejemplo, cuando un empleado de una empresa es perjudicado por la acci\u00f3n o la inacci\u00f3n de un empleado de otra compa\u00f1\u00eda, la compensaci\u00f3n puede tener que ser determinado en un tribunal de justicia.<\/p>\n<p>En estos casos, puede ser dif\u00edcil determinar exactamente c\u00f3mo proceder con su caso. Nuestros abogados experimentados y bien informados pueden asesorarle durante este proceso y desarrollar su caso para usted.<\/p>\n<p>&nbsp;<\/p>\n<h2>Abogados de Accidentes de Construcci\u00f3n<\/h2>\n<p>Los abogados de Craig Swapp &amp; Associates son experimentados y determinados para asegurarse de que la persona adecuada es responsable por sus lesiones. No corra el riesgo de sufrir las consecuencias de un accidente de construcci\u00f3n por s\u00ed solo o aceptar la culpa y el gasto por algo que no deber\u00eda tener que.<\/p>\n<p>Si usted o alguien que usted conoce ha sido lesionado en un accidente de construcci\u00f3n en Salt Lake City, aseg\u00farese de tener los abogados adecuados de su lado. Por favor complete el formulario abajo o llame gratis a nuestra oficina al 800-404-9000 para programar una consulta gratis.<\/p>\n","protected":false},"excerpt":{"rendered":"<p>La Oficina de Estad\u00edsticas Laborales (BLS) comparte regularmente informes sobre accidentes, especialmente aquellos que ocurren en el trabajo. En su mayor parte, estos informes ayudan [&hellip;]<\/p>\n","protected":false},"author":2,"featured_media":0,"parent":4437,"menu_order":0,"comment_status":"closed","ping_status":"closed","template":"","meta":{"_acf_changed":false,"inline_featured_image":false,"footnotes":""},"class_list":["post-5654","page","type-page","status-publish","hentry"],"acf":[],"_links":{"self":[{"href":"https:\/\/craigswapp.com\/spanish\/wp-json\/wp\/v2\/pages\/5654","targetHints":{"allow":["GET"]}}],"collection":[{"href":"https:\/\/craigswapp.com\/spanish\/wp-json\/wp\/v2\/pages"}],"about":[{"href":"https:\/\/craigswapp.com\/spanish\/wp-json\/wp\/v2\/types\/page"}],"author":[{"embeddable":true,"href":"https:\/\/craigswapp.com\/spanish\/wp-json\/wp\/v2\/users\/2"}],"replies":[{"embeddable":true,"href":"https:\/\/craigswapp.com\/spanish\/wp-json\/wp\/v2\/comments?post=5654"}],"version-history":[{"count":1,"href":"https:\/\/craigswapp.com\/spanish\/wp-json\/wp\/v2\/pages\/5654\/revisions"}],"predecessor-version":[{"id":10858,"href":"https:\/\/craigswapp.com\/spanish\/wp-json\/wp\/v2\/pages\/5654\/revisions\/10858"}],"up":[{"embeddable":true,"href":"https:\/\/craigswapp.com\/spanish\/wp-json\/wp\/v2\/pages\/4437"}],"wp:attachment":[{"href":"https:\/\/craigswapp.com\/spanish\/wp-json\/wp\/v2\/media?parent=5654"}],"curies":[{"name":"wp","href":"https:\/\/api.w.org\/{rel}","templated":true}]}}