{"id":488,"date":"2014-09-03T21:11:40","date_gmt":"2014-09-03T21:11:40","guid":{"rendered":"http:\/\/50.28.86.182\/~craigswapp\/pedestrian-accident\/"},"modified":"2021-05-12T14:34:33","modified_gmt":"2021-05-12T14:34:33","slug":"abogado-accidente-peatonal-salt-lake-city","status":"publish","type":"page","link":"https:\/\/craigswapp.com\/spanish\/abogado-accidente-peatonal-salt-lake-city\/","title":{"rendered":"Abogado de Accidente Peatonal de Salt Lake City"},"content":{"rendered":"<p>\nLas colisiones que involucran a los veh\u00edculos de motor son lo que la mayor\u00eda de la gente piensa cuando escuchan de\u00a0<a href=\"https:\/\/craigswapp.com\/spanish\/abogado-de-accidente-de-carro-en-salt-lake-city\/\">accidentes de carro<\/a>. Desafortunadamente, la gente a pie es atrapada a veces en estos accidentes, tambi\u00e9n. Sin protecci\u00f3n, los peatones suelen sostener\u00a0lesiones graves\u00a0cuando son golpeados por un veh\u00edculo de motor.<\/p>\n<p>Seg\u00fan la Administraci\u00f3n Nacional de la Seguridad de la Carretera (<a href=\"https:\/\/crashstats.nhtsa.dot.gov\/Api\/Public\/ViewPublication\/812270\" target=\"_blank\" rel=\"noopener noreferrer\">NHTSA<\/a>), un peat\u00f3n es herido cada ocho minutos y es asesinado cada dos horas en alguna parte en los Estados Unidos. En 2014, cerca de 5.000 peatones murieron en accidentes de tr\u00e1nsito. En 2014, el 15 por ciento de todas las muertes de tr\u00e1fico en accidentes automovil\u00edsticos fueron muertes de peatones.<\/p>\n<p>Accidentes peatonales en Salt Lake City son m\u00e1s comunes de lo que uno podr\u00eda pensar. De hecho, el 12.5 por ciento de todas las muertes de tr\u00e1fico en Utah involucr\u00f3 a un peat\u00f3n. Si usted estuvo involucrado en un accidente de peatones, es crucial buscar el consejo de un abogado de accidentes peatonales de Salt Lake City de Craig Swapp &amp; Associates para proteger sus derechos.<\/p>\n<h2>Los Conductores Necesitan Prestar Atenci\u00f3n a los Peatones<\/h2>\n<p>En Salt Lake City, a medida que m\u00e1s y m\u00e1s personas acuden a caminar, <a href=\"https:\/\/craigswapp.com\/spanish\/bicycle-accident-attorney\/\">ir en bicicleta<\/a>, y\u00a0<a href=\"https:\/\/craigswapp.com\/spanish\/abogado-lesiones-personales-boise\/abogado-transporte-publico-accidentes-boise\/\">transporte publico<\/a>\u00a0como alternativa a la conducci\u00f3n, los accidentes peatonales seguir\u00e1n aumentando. Los peatones incluyen no s\u00f3lo a los que est\u00e1n caminando; Tambi\u00e9n incluyen a cualquiera en o cerca de la carretera como ni\u00f1os jugando en la acera, corredores y patinadores.<\/p>\n<p>Muchos accidentes de peatones son el resultado de los conductores que est\u00e1n distra\u00eddos y ajenos a su entorno.\u00a0<a href=\"http:\/\/www.distracteddriving.gov\/\" target=\"_blank\" rel=\"noopener noreferrer\">Conducci\u00f3n distraida\u00a0<\/a>es una de las causas m\u00e1s comunes de accidentes peatonales. Otras razones comunes por las que los peatones resultan lesionados en accidentes de tr\u00e1nsito son los siguientes:<\/p>\n<ul>\n<li style=\"font-weight: 400;\">Conductores de exceso de velocidad<\/li>\n<li style=\"font-weight: 400;\">Conductores no ceder en los cruces peatonales y las intersecciones<\/li>\n<li style=\"font-weight: 400;\">Conductores que giran en las intersecciones y en los caminos de entradas o estacionamientos<\/li>\n<li style=\"font-weight: 400;\">Conduccion descuidada a trav\u00e9s de un estacionamiento<\/li>\n<li style=\"font-weight: 400;\">Conductores que salen de lugares de estacionamiento sin revisar espejos o puntos ciegos<\/li>\n<\/ul>\n<p>Es cr\u00edtico buscar el consejo de un abogado de accidente peatonal de Salt Lake City si usted o un miembro de la familia ha sufrido\u00a0<a href=\"https:\/\/craigswapp.com\/spanish\/personal-injury\/\">lesiones<\/a>\u00a0en un accidente de peatones con un veh\u00edculo de motor. Usted puede tener derecho a una compensaci\u00f3n financiera, y nosotros podemos ayudarle con el proceso legal por venir.<\/p>\n<h2>Lesiones Sufrido por Peatones<\/h2>\n<p>Pedestrian accidents can be devastating, often resulting in serious injury or <a href=\"https:\/\/craigswapp.com\/spanish\/wrongful-death\/\">muerte injusta<\/a>. Muchas v\u00edctimas requieren cuidados m\u00e9dicos a largo plazo o permanentes, y con el aumento de los costos del tratamiento m\u00e9dico, esto puede afectar la estabilidad financiera tanto de usted como de su familia.Las<\/p>\n<p>Las lesiones comunes que sufren los peatones cuando resultan lesionados por un veh\u00edculo motorizado se enumeran a continuaci\u00f3n:<\/p>\n<ul>\n<li style=\"font-weight: 400;\"><a href=\"https:\/\/craigswapp.com\/spanish\/abogado-de-lesiones-cerebrales-en-salt-lake-city\/\">Lesiones cerebrales traum\u00e1ticas (TBI)<\/a><\/li>\n<li style=\"font-weight: 400;\">Huesos rotos<\/li>\n<li style=\"font-weight: 400;\"><a href=\"https:\/\/medlineplus.gov\/limbloss.html\" target=\"_blank\" rel=\"noopener noreferrer\">Amputaciones<\/a><\/li>\n<li style=\"font-weight: 400;\"><a href=\"https:\/\/craigswapp.com\/spanish\/abogado-de-lesion-de-la-columna-en-salt-lake-city\/\">Lesiones de la m\u00e9dula<\/a><\/li>\n<li style=\"font-weight: 400;\">Sangrado interno y da\u00f1o a los \u00f3rganos<\/li>\n<li style=\"font-weight: 400;\">Muerte<\/li>\n<\/ul>\n<p>Su abogado de accidentes peatonales de Salt Lake City trabajar\u00e1 con usted y su m\u00e9dico para determinar c\u00f3mo su lesi\u00f3n afectar\u00e1 su vida para que su pago tenga en cuenta la extensi\u00f3n total de lo que ha soportado.<\/p>\n<h2>Hable con un Abogado de Accidentes Peatonal<\/h2>\n<p>Si usted era un peat\u00f3n lesionado por la negligencia de un conductor, discuta su caso con un abogado de accidente peatonal de Salt Lake City de\u00a0<a href=\"https:\/\/craigswapp.com\/spanish\/\">Craig Swapp &amp; Associates<\/a>. Hemos representado con \u00e9xito a miles de v\u00edctimas de accidentes de peatones en Salt Lake City y de todo Utah.<\/p>\n<p>Compasivo y bien informado, seremos\u00a0<a href=\"https:\/\/birdeye.com\/craig-swapp-associates-147042625253278\" target=\"_blank\" rel=\"noopener noreferrer\">dedicados<\/a>\u00a0a luchar por la compensaci\u00f3n que usted merece por sus lesiones y da\u00f1os. Llame\u00a0<a href=\"tel:18004049000\">1-855-628-5050<\/a>\u00a0para una evaluaci\u00f3n gratuita, o cont\u00e1ctenos completando el formulario al final de esta p\u00e1gina. No demore; p\u00f3ngase en contacto con nosotros hoy.<\/p>\n","protected":false},"excerpt":{"rendered":"<p>Las colisiones que involucran a los veh\u00edculos de motor son lo que la mayor\u00eda de la gente piensa cuando escuchan de\u00a0accidentes de carro. Desafortunadamente, la [&hellip;]<\/p>\n","protected":false},"author":2,"featured_media":0,"parent":0,"menu_order":9,"comment_status":"open","ping_status":"open","template":"","meta":{"_acf_changed":false,"inline_featured_image":false,"footnotes":""},"class_list":["post-488","page","type-page","status-publish","hentry"],"acf":[],"_links":{"self":[{"href":"https:\/\/craigswapp.com\/spanish\/wp-json\/wp\/v2\/pages\/488","targetHints":{"allow":["GET"]}}],"collection":[{"href":"https:\/\/craigswapp.com\/spanish\/wp-json\/wp\/v2\/pages"}],"about":[{"href":"https:\/\/craigswapp.com\/spanish\/wp-json\/wp\/v2\/types\/page"}],"author":[{"embeddable":true,"href":"https:\/\/craigswapp.com\/spanish\/wp-json\/wp\/v2\/users\/2"}],"replies":[{"embeddable":true,"href":"https:\/\/craigswapp.com\/spanish\/wp-json\/wp\/v2\/comments?post=488"}],"version-history":[{"count":1,"href":"https:\/\/craigswapp.com\/spanish\/wp-json\/wp\/v2\/pages\/488\/revisions"}],"predecessor-version":[{"id":11464,"href":"https:\/\/craigswapp.com\/spanish\/wp-json\/wp\/v2\/pages\/488\/revisions\/11464"}],"wp:attachment":[{"href":"https:\/\/craigswapp.com\/spanish\/wp-json\/wp\/v2\/media?parent=488"}],"curies":[{"name":"wp","href":"https:\/\/api.w.org\/{rel}","templated":true}]}}