{"id":4775,"date":"2016-06-10T15:49:42","date_gmt":"2016-06-10T15:49:42","guid":{"rendered":"http:\/\/craigswapp1.wpengine.com\/?page_id=4775"},"modified":"2021-05-10T12:47:11","modified_gmt":"2021-05-10T12:47:11","slug":"estacionamiento","status":"publish","type":"page","link":"https:\/\/craigswapp.com\/spanish\/abogado-de-accidente-de-carro-en-salt-lake-city\/tipos-comunes-accidentes-carros\/estacionamiento\/","title":{"rendered":"Abogado de Accidentes en el Estacionamiento en Salt Lake City"},"content":{"rendered":"<p>\nDebido a sus velocidades m\u00e1s lentas y tr\u00e1fico m\u00e1s ligero, mucha gente piensa de estacionamientos como zonas de conducci\u00f3n seguras. Sin embargo, un sorprendente n\u00famero de accidentes realmente ocurren en ellos.<\/p>\n<p>Al igual que con los accidentes en la carretera, accidentes de estacionamiento a menudo dan lugar a da\u00f1os a la propiedad y lesiones a las personas. Los gastos de reparaci\u00f3n costosos y los gastos m\u00e9dicos siguen pronto.<\/p>\n<p>Ya sea un doblador de defensa menor o una lesi\u00f3n de accidente costosa, un abogado de accidentes en el estacionamiento en Salt Lake City puede ayudarle a recibir la compensaci\u00f3n que le corresponde.<\/p>\n<h2>Negligencia Comparada<\/h2>\n<p>Los accidentes de estacionamiento son tratados de la misma manera que cualquier otro tipo de accidente. Esto significa que se aplicar\u00e1n leyes comparativas de negligencia.<\/p>\n<p>Despu\u00e9s de escuchar la evidencia, el tribunal asignar\u00e1 a cada conductor un porcentaje de la culpa por el accidente. Este porcentaje tendr\u00e1 un impacto directo en el monto de liquidaci\u00f3n final al reducirlo en ese mismo porcentaje. Por ejemplo, si se le otorga un acuerdo de 10.000 d\u00f3lares pero se le asigna el 10 por ciento de la falta, su acuerdo se reducir\u00e1 en $ 1.000.<\/p>\n<p>Por lo tanto, es importante que su abogado de accidentes en el estacionamiento en Salt Lake City conozca todas las circunstancias que rodean el accidente por lo que la cantidad adecuada de negligencia comparativa se puede asignar al conductor que le golpe\u00f3. Esto ayudar\u00e1 a asegurar que usted reciba la mayor compensaci\u00f3n posible.<\/p>\n<h2>Evidencia es Importante<\/h2>\n<p>Cualquier evidencia que demuestre la negligencia de la otra parte ser\u00e1 esencial para probar su caso. Afortunadamente, los estacionamientos tienen algunas caracter\u00edsticas \u00fanicas que pueden hacer que la evidencia sea m\u00e1s f\u00e1cil de encontrar.<\/p>\n<p>Estacionamientos tienden a ver un mont\u00f3n de tr\u00e1fico de pie. Si bien esto, obviamente, significa que los conductores tienen que ser conscientes de los peatones en todo momento, tambi\u00e9n significa que usted puede tener un n\u00famero de testigos presenciales disponibles en caso de un accidente. Aseg\u00farese de tomar nota de los espectadores que ven lo que ocurre y obtener su informaci\u00f3n de contacto. Su testimonio podr\u00eda ser esencial para su caso m\u00e1s tarde.<\/p>\n<p>Del mismo modo, aparcamientos a menudo tienen c\u00e1maras de vigilancia instaladas en todo el recinto. Las im\u00e1genes de seguridad pueden ser especialmente valiosas en situaciones en las que alguien da\u00f1a su autom\u00f3vil mientras usted est\u00e1 ausente y abandona la escena. Por alguna raz\u00f3n, algunos propietarios de estacionamientos pueden ser reacios a darle acceso a material de seguridad. Si esto sucede, un abogado de accidentes en el estacionamiento en Salt Lake City puede ayudarle a adquirir la evidencia que necesitar\u00e1 para su caso.<\/p>\n<h2>No S\u00f3lo otros\u00a0Conductores<\/h2>\n<p>Cuando la mayor\u00eda de la gente piensa en un accidente de estacionamiento, probablemente se imagina una peque\u00f1a accidente donde un auto retrocedi\u00f3 de un espacio y en el camino de otro. Muchos accidentes de estacionamiento tienen lugar entre un solo auto y un peat\u00f3n o un objeto inanimado, sin embargo.<\/p>\n<p>Cuando esto sucede, no es necesariamente la culpa del conductor. Varios otros factores pueden entrar en juego:<\/p>\n<ul>\n<li style=\"font-weight: 400;\">Iluminaci\u00f3n insuficiente<\/li>\n<li style=\"font-weight: 400;\">Los peatones no prestan atenci\u00f3n a los alrededores<\/li>\n<li style=\"font-weight: 400;\">Se\u00f1alizaci\u00f3n ausente o enga\u00f1osa<\/li>\n<\/ul>\n<p>Es importante demostrar todos los factores que contribuyen a un accidente y qui\u00e9n fue responsable de cada uno. Conductores, peatones y due\u00f1os de estacionamientos podr\u00edan compartir parte de la culpa.<\/p>\n<p>Consulte a un abogado de accidentes en el estacionamiento en Salt Lake City para determinar qui\u00e9n fue responsable de las circunstancias que llevaron a su accidente.<\/p>\n<h2>Habla con un Abogado de Accidentes en el Estacionamiento en Salt Lake City<\/h2>\n<p>Para discutir su caso con m\u00e1s detalle, p\u00f3ngase en contacto con un abogado de accidentes en el estacionamiento en Salt Lake City de las oficinas de Craig Swapp &amp; Associates llamando al 800-404-9000 o comunic\u00e1ndose con nosotros por nuestro sitio web.<\/p>\n","protected":false},"excerpt":{"rendered":"<p>Debido a sus velocidades m\u00e1s lentas y tr\u00e1fico m\u00e1s ligero, mucha gente piensa de estacionamientos como zonas de conducci\u00f3n seguras. Sin embargo, un sorprendente n\u00famero [&hellip;]<\/p>\n","protected":false},"author":2,"featured_media":0,"parent":4436,"menu_order":0,"comment_status":"closed","ping_status":"closed","template":"","meta":{"_acf_changed":false,"inline_featured_image":false,"footnotes":""},"class_list":["post-4775","page","type-page","status-publish","hentry"],"acf":[],"_links":{"self":[{"href":"https:\/\/craigswapp.com\/spanish\/wp-json\/wp\/v2\/pages\/4775","targetHints":{"allow":["GET"]}}],"collection":[{"href":"https:\/\/craigswapp.com\/spanish\/wp-json\/wp\/v2\/pages"}],"about":[{"href":"https:\/\/craigswapp.com\/spanish\/wp-json\/wp\/v2\/types\/page"}],"author":[{"embeddable":true,"href":"https:\/\/craigswapp.com\/spanish\/wp-json\/wp\/v2\/users\/2"}],"replies":[{"embeddable":true,"href":"https:\/\/craigswapp.com\/spanish\/wp-json\/wp\/v2\/comments?post=4775"}],"version-history":[{"count":1,"href":"https:\/\/craigswapp.com\/spanish\/wp-json\/wp\/v2\/pages\/4775\/revisions"}],"predecessor-version":[{"id":10838,"href":"https:\/\/craigswapp.com\/spanish\/wp-json\/wp\/v2\/pages\/4775\/revisions\/10838"}],"up":[{"embeddable":true,"href":"https:\/\/craigswapp.com\/spanish\/wp-json\/wp\/v2\/pages\/4436"}],"wp:attachment":[{"href":"https:\/\/craigswapp.com\/spanish\/wp-json\/wp\/v2\/media?parent=4775"}],"curies":[{"name":"wp","href":"https:\/\/api.w.org\/{rel}","templated":true}]}}