{"id":4430,"date":"2016-05-13T19:20:32","date_gmt":"2016-05-13T19:20:32","guid":{"rendered":"http:\/\/craigswapp1.wpengine.com\/?page_id=4430"},"modified":"2021-05-10T12:42:34","modified_gmt":"2021-05-10T12:42:34","slug":"preguntas-frecuentes-accidentes-carros-salt-lake","status":"publish","type":"page","link":"https:\/\/craigswapp.com\/spanish\/abogado-de-accidente-de-carro-en-salt-lake-city\/preguntas-frecuentes-accidentes-carros-salt-lake\/","title":{"rendered":"Preguntas frecuentes sobre accidentes de carros en Salt Lake City"},"content":{"rendered":"<p>\nSi usted acaba de estar en un accidente de auto, es probable que est\u00e9 confundido y no est\u00e1 seguro de a d\u00f3nde acudir para obtener respuestas. La mayor\u00eda de las preguntas frecuentes sobre accidentes de carros en Salt Lake City requerir\u00e1n de un abogado que pueda revisar los detalles de su caso.<\/p>\n<p>Sin embargo, aqu\u00ed hay algunas respuestas breves a las preguntas m\u00e1s frecuentes sobre el accidente de carro en Salt Lake City. Si tiene otras preguntas o inquietudes, nuestros abogados est\u00e1n disponibles para una consulta gratuita.<\/p>\n<h2>\u00bfQu\u00e9 pasa si no s\u00e9 qui\u00e9n ten\u00eda la culpa?<\/h2>\n<p>Una de las partes m\u00e1s dif\u00edciles de un accidente de carro, especialmente inmediatamente despu\u00e9s, es averiguar exactamente qui\u00e9n ten\u00eda la culpa. Aunque en algunos accidentes, como los de conducci\u00f3n en estado de embriaguez o de exceso de velocidad, la persona culpable es clara, este no es siempre el caso.<\/p>\n<p>Si no est\u00e1 seguro de qui\u00e9n fue culpable o cree que podr\u00eda estar parcialmente en falta, es posible que todav\u00eda podamos ayudarle. Sin embargo, es importante que no salte a ninguna decisi\u00f3n inmediata hasta que haya consultado a un abogado.<\/p>\n<h2>\u00bfCu\u00e1nto dura un caso de accidente de carro?<\/h2>\n<p>Debido a que las compa\u00f1\u00edas de seguros y otros conductores no siempre est\u00e1n dispuestos a aceptar la culpa de su parte en un accidente, los casos de accidentes de carros puede durar meses o incluso a\u00f1os. El enfoque es asegurar que usted reciba la compensaci\u00f3n que necesita y se merece, no en cu\u00e1nto tiempo el caso puede tomar.<\/p>\n<p>Sin embargo, nuestros abogados pueden darle una estimaci\u00f3n de lo que puede esperar en su consulta.<\/p>\n<h2>\u00bfCu\u00e1nto me costar\u00e1 mi caso?<\/h2>\n<p>La mayor\u00eda de los casos de accidentes automovil\u00edsticos se facturan sobre una base de honorarios de contingencia, lo que le permite buscar compensaci\u00f3n mientras se centra en sus lesiones y la recuperaci\u00f3n lo mejor posible.<\/p>\n<p>Esto significa que no recibimos el pago hasta que obtenga un arreglo, y si no lo hace, no nos debe nada. Nuestros honorarios y gastos saldr\u00e1n de la oferta de arreglo cuando la reciba.<\/p>\n<h2>\u00bfDebo pagar mis facturas m\u00e9dicas?<\/h2>\n<p>Usted debe continuar pagando sus cuentas m\u00e9dicas de la mejor manera posible. Bajo ninguna circunstancia debe cancelar tratamiento o servicios porque no puede pagar facturas m\u00e9dicas.<\/p>\n<p>Si no es capaz de mantenerse al d\u00eda con los gastos en este momento, es posible que podamos ponernos en contacto con los proveedores m\u00e9dicos para ver si un acuerdo de pago puede resolverse. De lo contrario, se le puede reembolsar estos gastos despu\u00e9s de recibir un arreglo.<\/p>\n<h2>\u00bfQu\u00e9 tipos de da\u00f1os pueden ser compensados?<\/h2>\n<p>Los tipos de da\u00f1os que pueden ser compensados \u200b\u200bdependen de sus lesiones y los detalles de su accidente de carro. Estos da\u00f1os pueden incluir el pago de facturas m\u00e9dicas, la terapia, el tiempo libre de trabajo, la p\u00e9rdida de empleo, o incluso la p\u00e9rdida de la capacidad de realizar tareas cotidianas.<\/p>\n<p>No podemos darle una estimaci\u00f3n de la cantidad que recibir\u00e1 o los da\u00f1os que podr\u00eda obtener compensado hasta que nos fijamos en los detalles de su caso.<\/p>\n<h2>\u00bfC\u00f3mo s\u00e9 si debo aceptar la oferta de arreglo?<\/h2>\n<p>Usted podr\u00eda recibir una oferta de arreglo de la compa\u00f1\u00eda de seguros del otro conductor de inmediato, pero debe tener en cuenta que puede no cubrir todo lo que necesita para ser cubiertos. Tenga en cuenta que la compa\u00f1\u00eda de seguros probablemente se centr\u00f3 en cerrar el caso r\u00e1pidamente y pagar lo menos posible.<\/p>\n<p>Aunque la oferta puede parecer suficiente para usted ahora, puede no incluir compensaci\u00f3n por cosas como lesiones a largo plazo. Lo mejor es que un abogado experimentado de accidentes de carros examine una oferta de arreglo antes de aceptarla.<\/p>\n<h2>\u00bfQu\u00e9 hago si el otro conductor no admite errores?<\/h2>\n<p>Es m\u00e1s com\u00fan para los otros conductores involucrados no aceptar la culpa por el accidente, incluso si est\u00e1 claro que ten\u00edan la culpa. No se preocupe, sin embargo. Nuestros abogados tienen experiencia en la investigaci\u00f3n y descubrimiento de las causas de los accidentes y asegurarse de que los responsables son responsables y usted recibe la compensaci\u00f3n que se merece.<\/p>\n<h2>Podemos ayudar<\/h2>\n<p>Si usted ha estado en un accidente automovil\u00edstico y tiene otras preguntas frecuentes de accidentes de carros en Salt Lake City que no fueron contestadas aqu\u00ed, nuestros abogados en Craig Swapp &amp; Associates est\u00e1n disponibles para ayudar. Comun\u00edquese con nuestra oficina por nuestro sitio web inmediatamente o llame al 1-855-628-5050 para una consulta gratis para comenzar.<\/p>\n","protected":false},"excerpt":{"rendered":"<p>Si usted acaba de estar en un accidente de auto, es probable que est\u00e9 confundido y no est\u00e1 seguro de a d\u00f3nde acudir para obtener [&hellip;]<\/p>\n","protected":false},"author":2,"featured_media":0,"parent":147,"menu_order":0,"comment_status":"closed","ping_status":"closed","template":"","meta":{"_acf_changed":false,"inline_featured_image":false,"footnotes":""},"class_list":["post-4430","page","type-page","status-publish","hentry"],"acf":[],"_links":{"self":[{"href":"https:\/\/craigswapp.com\/spanish\/wp-json\/wp\/v2\/pages\/4430","targetHints":{"allow":["GET"]}}],"collection":[{"href":"https:\/\/craigswapp.com\/spanish\/wp-json\/wp\/v2\/pages"}],"about":[{"href":"https:\/\/craigswapp.com\/spanish\/wp-json\/wp\/v2\/types\/page"}],"author":[{"embeddable":true,"href":"https:\/\/craigswapp.com\/spanish\/wp-json\/wp\/v2\/users\/2"}],"replies":[{"embeddable":true,"href":"https:\/\/craigswapp.com\/spanish\/wp-json\/wp\/v2\/comments?post=4430"}],"version-history":[{"count":1,"href":"https:\/\/craigswapp.com\/spanish\/wp-json\/wp\/v2\/pages\/4430\/revisions"}],"predecessor-version":[{"id":10818,"href":"https:\/\/craigswapp.com\/spanish\/wp-json\/wp\/v2\/pages\/4430\/revisions\/10818"}],"up":[{"embeddable":true,"href":"https:\/\/craigswapp.com\/spanish\/wp-json\/wp\/v2\/pages\/147"}],"wp:attachment":[{"href":"https:\/\/craigswapp.com\/spanish\/wp-json\/wp\/v2\/media?parent=4430"}],"curies":[{"name":"wp","href":"https:\/\/api.w.org\/{rel}","templated":true}]}}