{"id":4268,"date":"2016-05-14T21:55:06","date_gmt":"2016-05-14T21:55:06","guid":{"rendered":"http:\/\/craigswapp1.wpengine.com\/?page_id=4268"},"modified":"2021-05-10T14:08:39","modified_gmt":"2021-05-10T14:08:39","slug":"abogado-accidentes-camiones-sandy","status":"publish","type":"page","link":"https:\/\/craigswapp.com\/spanish\/sandy\/abogado-accidentes-camiones-sandy\/","title":{"rendered":"Abogado de accidentes de camiones en Sandy"},"content":{"rendered":"<p>\nPara muchos conductores, compartir carreteras y autopistas con camiones comerciales como los de 18 ruedas puede ser intimidante. Con su enorme tama\u00f1o y enorme peso, los veh\u00edculos de pasajeros corren el riesgo de sufrir da\u00f1os catastr\u00f3ficos al chocar con un cami\u00f3n.<\/p>\n<p>Las grandes plataformas causan grandes lesiones. Los camiones comerciales grandes pueden tener hasta setenta y cinco pies de largo y pesar entre 10,000 y 80,000 libras. Cuando se estrellan contra veh\u00edculos m\u00e1s peque\u00f1os, las lesiones que amenazan la vida son a menudo el resultado.<\/p>\n<p>Obtener la ayuda de un abogado de accidentes de camiones en Sandy de Craig Swapp &amp; Associates es su mejor l\u00ednea de acci\u00f3n luego de sufrir un accidente de cami\u00f3n. Lucharemos por sus derechos y lo ayudaremos a buscar una compensaci\u00f3n m\u00e1xima por sus lesiones y da\u00f1os.<\/p>\n<p>&nbsp;<\/p>\n<h2>Los autom\u00f3viles de pasajeros son vulnerables en accidentes de 18 ruedas<\/h2>\n<p>Seg\u00fan el Departamento de Transporte de los Estados Unidos, hay aproximadamente 440,000 accidentes que involucran grandes camiones al a\u00f1o, causando heridas a unas 111,000 personas y matando a casi 4,000.<\/p>\n<p>Eso significa que aproximadamente uno de cada ocho accidentes de tr\u00e1fico implica una colisi\u00f3n con un cami\u00f3n grande, y un asombroso 98 por ciento de los fallecidos son ocupantes de un veh\u00edculo de pasajeros.<\/p>\n<p>&nbsp;<\/p>\n<h2>\u00bfQu\u00e9 causa los accidentes de camiones comerciales?<\/h2>\n<p>Cada accidente de cami\u00f3n en Utah ocurre por diferentes razones. Desde el error del conductor del cami\u00f3n hasta la falla del equipo, las causas m\u00e1s comunes de accidentes de camiones son las siguientes:<\/p>\n<ul>\n<li style=\"font-weight: 400;\">Conducci\u00f3n distra\u00edda<\/li>\n<li style=\"font-weight: 400;\">Conducci\u00f3n fatigada<\/li>\n<li style=\"font-weight: 400;\">Falla del equipo y piezas defectuosas<\/li>\n<li style=\"font-weight: 400;\">Carga incorrecta<\/li>\n<li style=\"font-weight: 400;\">Mantenimiento deficiente<\/li>\n<li style=\"font-weight: 400;\">Carreteras en mal estado<\/li>\n<\/ul>\n<p>Despu\u00e9s de examinar los detalles de su accidente, un abogado de accidente de camiones en Sandy de nuestra oficina determinar\u00e1 la causa de su accidente. A su vez, esto indicar\u00e1 a todas las partes que tuvieron la culpa, permiti\u00e9ndole nombrarlas en su demanda por lesiones personales.<\/p>\n<p>&nbsp;<\/p>\n<h2>\u00bfQui\u00e9n estuvo en falta por su accidente de cami\u00f3n?<\/h2>\n<p>Los accidentes de camiones en Utah y las leyes involucradas son detallados y complejos, especialmente cuando existen muchos factores y componentes que contribuyen.<\/p>\n<p>Hay varias partes que pueden ser al menos parcialmente responsables de su accidente. Adem\u00e1s del conductor del cami\u00f3n o el due\u00f1o del cami\u00f3n, cualquiera que haya contribuido y tenga la culpa por haber causado el accidente puede ser responsable.<\/p>\n<p>Esto podr\u00eda incluir a la compa\u00f1\u00eda que es propietaria de la carga que se transporta, una empresa de mantenimiento, un fabricante de piezas o incluso una entidad gubernamental en caso de que un camino peligroso o una inspecci\u00f3n cuestionable fueran los culpables.<\/p>\n<p>Con la ayuda de un abogado de accidentes de camiones en Sandy, podr\u00e1 obtener una indemnizaci\u00f3n de todos los que contribuyeron a su accidente de 18 ruedas.<\/p>\n<p>&nbsp;<\/p>\n<h2>Lesiones y accidentes de camiones comerciales<\/h2>\n<p>Es importante buscar atenci\u00f3n m\u00e9dica inmediatamente despu\u00e9s de un accidente de cami\u00f3n en Utah. Sus lesiones pueden retrasarse y no ser aparentes hasta un tiempo despu\u00e9s del evento, aumentando las posibilidades de complicaciones adicionales o incluso la muerte.<\/p>\n<p>Las posibles lesiones por accidentes de camiones grandes pueden incluir cualquiera de los siguientes:<\/p>\n<ul>\n<li style=\"font-weight: 400;\">Lesiones del cuello<\/li>\n<li style=\"font-weight: 400;\">Lesiones cerebrales traum\u00e1ticas<\/li>\n<li style=\"font-weight: 400;\">Lesiones en la columna vertebral<\/li>\n<li style=\"font-weight: 400;\">Huesos rotos<\/li>\n<li style=\"font-weight: 400;\">Lesiones faciales y desfiguraci\u00f3n<\/li>\n<li style=\"font-weight: 400;\">Amputaciones<\/li>\n<li style=\"font-weight: 400;\">Heridas internas<\/li>\n<li style=\"font-weight: 400;\">Quemaduras<\/li>\n<li style=\"font-weight: 400;\">Trauma emocional<\/li>\n<\/ul>\n<p>&nbsp;<\/p>\n<h2>Retenga a un experto abogado de accidentes de camiones en Sandy<\/h2>\n<p>En Craig Swapp &amp; Associates, entendemos el impacto que sus lesiones pueden tener en usted y su familia. El dolor emocional y f\u00edsico junto con el estr\u00e9s financiero seguramente ser\u00e1 abrumador.<\/p>\n<p>Un abogado de accidentes de camiones en Sandy de Craig Swapp &amp; Associates trabajar\u00e1 incansablemente en su nombre. Llame hoy al 800-404-9000 para una consulta gratuita o comun\u00edquese con nosotros enviando el siguiente formulario.<\/p>\n","protected":false},"excerpt":{"rendered":"<p>Para muchos conductores, compartir carreteras y autopistas con camiones comerciales como los de 18 ruedas puede ser intimidante. Con su enorme tama\u00f1o y enorme peso, [&hellip;]<\/p>\n","protected":false},"author":2,"featured_media":0,"parent":3685,"menu_order":0,"comment_status":"closed","ping_status":"closed","template":"","meta":{"_acf_changed":false,"inline_featured_image":false,"footnotes":""},"class_list":["post-4268","page","type-page","status-publish","hentry"],"acf":[],"_links":{"self":[{"href":"https:\/\/craigswapp.com\/spanish\/wp-json\/wp\/v2\/pages\/4268","targetHints":{"allow":["GET"]}}],"collection":[{"href":"https:\/\/craigswapp.com\/spanish\/wp-json\/wp\/v2\/pages"}],"about":[{"href":"https:\/\/craigswapp.com\/spanish\/wp-json\/wp\/v2\/types\/page"}],"author":[{"embeddable":true,"href":"https:\/\/craigswapp.com\/spanish\/wp-json\/wp\/v2\/users\/2"}],"replies":[{"embeddable":true,"href":"https:\/\/craigswapp.com\/spanish\/wp-json\/wp\/v2\/comments?post=4268"}],"version-history":[{"count":1,"href":"https:\/\/craigswapp.com\/spanish\/wp-json\/wp\/v2\/pages\/4268\/revisions"}],"predecessor-version":[{"id":11104,"href":"https:\/\/craigswapp.com\/spanish\/wp-json\/wp\/v2\/pages\/4268\/revisions\/11104"}],"up":[{"embeddable":true,"href":"https:\/\/craigswapp.com\/spanish\/wp-json\/wp\/v2\/pages\/3685"}],"wp:attachment":[{"href":"https:\/\/craigswapp.com\/spanish\/wp-json\/wp\/v2\/media?parent=4268"}],"curies":[{"name":"wp","href":"https:\/\/api.w.org\/{rel}","templated":true}]}}