{"id":3873,"date":"2016-04-08T15:57:00","date_gmt":"2016-04-08T15:57:00","guid":{"rendered":"http:\/\/craigswapp1.wpengine.com\/?page_id=3873"},"modified":"2021-05-12T13:11:38","modified_gmt":"2021-05-12T13:11:38","slug":"abogado-lesiones-personales-utah","status":"publish","type":"page","link":"https:\/\/craigswapp.com\/spanish\/abogado-lesiones-personales-utah\/","title":{"rendered":"Abogado de lesiones personales en Utah"},"content":{"rendered":"<br \/>\n<hr \/>\n<div class=\"row google-map\"><iframe loading=\"lazy\" style=\"border: 0;\" src=\"https:\/\/www.google.com\/maps\/embed?pb=!1m18!1m12!1m3!1d6312154.072011735!2d-116.04072012498582!3d39.42171655409612!2m3!1f0!2f0!3f0!3m2!1i1024!2i768!4f13.1!3m3!1m2!1s0x874c6bc78f13f9cd%3A0xbddf4aa56cd7463f!2sUtah!5e0!3m2!1sen!2sus!4v1460755534781\" width=\"600\" height=\"450\" frameborder=\"0\" allowfullscreen=\"allowfullscreen\"><\/iframe><\/div>\n<p>Como abogado de lesiones personales en Utah, nuestro objetivo es proteger sus derechos. Despu\u00e9s de sufrir un accidente automovil\u00edstico, tiene derecho a presentar una demanda contra la persona que lo golpe\u00f3 y buscar da\u00f1os financieros para pagar sus facturas m\u00e9dicas, da\u00f1os a la propiedad, salarios perdidos, etc. Sin embargo, el proceso de hacerlo es m\u00e1s complicado, de lo que puede parecer primero.<\/p>\n<h2>Una advertencia sobre las estad\u00edsticas de accidentes<br \/>\n<img loading=\"lazy\" decoding=\"async\" class=\"alignright wp-image-4107 size-medium\" src=\"https:\/\/craigswapp.com\/spanish\/wp-content\/uploads\/2016\/04\/personal-injury-lawyer-utah-3-e1468528781683.jpg\" alt=\"personal-injury-lawyer-utah-1\" width=\"205\" height=\"300\" \/><\/h2>\n<p>Una revisi\u00f3n de los datos de accidentes publicados por la Administraci\u00f3n Nacional de Seguridad en las Carreteras muestra que el n\u00famero total de informes de accidentes con da\u00f1os a la propiedad solo ha aumentado en un 8 por ciento. En la superficie, esta es una buena noticia. Sin embargo, como abogado de lesiones, les aconsejamos a los clientes que no sean demasiado r\u00e1pidos para determinar si est\u00e1n realmente lesionados o no. Durante un accidente, el cuerpo entra en shock. Esto hace que sea completamente posible salir de su autom\u00f3vil, caminar y sentirse bien despu\u00e9s de un choque. D\u00edas despu\u00e9s, podr\u00eda comenzar a sentirse adolorido y comenzar a sentir el alcance de sus lesiones. Por esta raz\u00f3n, es aconsejable visitar a un m\u00e9dico de inmediato y nunca hacer una declaraci\u00f3n a la polic\u00eda o compa\u00f1\u00eda de seguros de que usted est\u00e1 bien y no result\u00f3 herido. En su lugar, diga que va a tener un m\u00e9dico que lo examinar\u00e1.<\/p>\n<h2>Cu\u00e1ndo llamar a un abogado de lesiones personales en Utah<\/h2>\n<p>Despu\u00e9s de recibir atenci\u00f3n m\u00e9dica, debe contratar a un abogado y presentar un reclamo r\u00e1pidamente. En Utah, hay un estatuto de limitaciones que requiere que usted presente dentro de un cierto per\u00edodo de tiempo. Si lo presenta despu\u00e9s, la otra parte puede solicitar que se desestime el caso y el juez probablemente estar\u00e1 de acuerdo. Teniendo esto en cuenta, debe presentar su caso antes de tres a\u00f1os despu\u00e9s de su accidente. Si lo hace, le permitir\u00e1 buscar una compensaci\u00f3n financiera por da\u00f1os a su propiedad y persona. Si bien tres a\u00f1os pueden parecer mucho tiempo, en realidad no lo es. La vida puede ser incre\u00edblemente ocupada, especialmente cuando se agrega la necesidad de tratamientos m\u00e9dicos regulares. Este tiempo puede pasar r\u00e1pido, y muchas personas pierden la oportunidad de presentar una demanda simplemente porque se olvidan de presentarla a tiempo. Al contratar a un abogado de inmediato, tiene un abogado en su esquina que se asegurar\u00e1 de que esto no suceda.<\/p>\n<h2>\u00bfPor qu\u00e9 representarse a s\u00ed mismo no sea lo mejor para usted?<br \/>\n<img loading=\"lazy\" decoding=\"async\" class=\"alignright wp-image-4108 size-medium\" src=\"https:\/\/craigswapp.com\/spanish\/wp-content\/uploads\/2016\/04\/personal-injury-lawyer-utah-2-e1468528759980.jpg\" alt=\"personal-injury-lawyer-utah-2\" width=\"300\" height=\"152\" srcset=\"https:\/\/craigswapp.com\/spanish\/wp-content\/uploads\/2016\/04\/personal-injury-lawyer-utah-2-e1468528759980.jpg 400w, https:\/\/craigswapp.com\/spanish\/wp-content\/uploads\/2016\/04\/personal-injury-lawyer-utah-2-e1468528759980-300x152.jpg 300w\" sizes=\"auto, (max-width: 300px) 100vw, 300px\" \/><\/h2>\n<p>A menudo nos hacen preguntas sobre la auto representaci\u00f3n. Debe saber que siempre tiene derecho a representarse a s\u00ed mismo en el corte. Sin embargo, solo porque puede, eso no significa que debe. Por el contrario, la otra parte tendr\u00e1 un equipo de abogados asignado por su compa\u00f1\u00eda de seguros. Con un alto nivel de capacitaci\u00f3n y experiencia, su trabajo ser\u00e1 minimizar la exposici\u00f3n de la compa\u00f1\u00eda de seguros al reducir lo que recibe en da\u00f1os financieros. Luchar contra ellos solos puede, y lo m\u00e1s probable es que sea, en su detrimento.<\/p>\n<h2>Recopilaci\u00f3n de evidencia para demostrar negligencia<\/h2>\n<p>En cualquier caso de lesiones personales, se hace necesario demostrar negligencia. Ese es el t\u00e9rmino legal para culpa o falta. Nuestro trabajo como abogado es reunir pruebas suficientes para demostrar que el otro conductor fue el principal responsable de su accidente, por lo que puede recibir un arreglo financiero. Simult\u00e1neamente, su abogado de seguros intentar\u00e1 hacer lo mismo con usted. Para protegerse, debe contratar a un abogado de inmediato para que se pueda reunir evidencia mientras est\u00e1 fresco, se entrevist\u00f3 a los testigos y se construy\u00f3 un caso s\u00f3lido.<\/p>\n<h2>Un abogado de lesiones personales en Utah puede ayudarlo a obtener m\u00e1s por sus lesiones<br \/>\n<img loading=\"lazy\" decoding=\"async\" class=\"alignright wp-image-4109 size-medium\" src=\"https:\/\/craigswapp.com\/spanish\/wp-content\/uploads\/2016\/04\/personal-injury-lawyer-utah-1-e1468528597900.jpg\" alt=\"personal-injury-lawyer-utah-3\" width=\"300\" height=\"200\" \/><\/h2>\n<p>Como abogados de lesiones, pensamos m\u00e1s all\u00e1 de su necesidad inmediata para maximizar el valor de su reclamo. No es suficiente recibir dinero para pagar sus facturas m\u00e9dicas hasta la fecha. Tambi\u00e9n necesita una compensaci\u00f3n por las facturas m\u00e9dicas que tendr\u00e1 en el futuro, el tiempo que perdi\u00f3 en el trabajo, los da\u00f1os a la propiedad y cualquier cambio que se haya realizado en su rutina para compensar sus accidentes y lesiones. Por ejemplo, si tuvo que contratar a una ni\u00f1era porque no puede llevar a su hijo de un a\u00f1o sin dolor, ese gasto debe incluirse en su demanda. Revisaremos todo esto con usted y trabajaremos para obtener todo el dinero que se merece.<\/p>\n<h2>Obtenga ayuda hoy<\/h2>\n<p>Le facilitamos la respuesta a sus preguntas y la compensaci\u00f3n legal con nuestra garant\u00eda de \u00abUna llamada basta\u00bb. Obtenga respuestas legales las 24 horas del d\u00eda, los 7 d\u00edas de la semana, con personal disponible de d\u00eda o de noche llamando al 855-628-5050. Craig Swapp &amp; Associates est\u00e1 aqu\u00ed para responder todas sus preguntas legales y puede proporcionarle una consulta para discutir su caso.<\/p>\n<table class=\"table table-bordered\">\n<tbody>\n<tr>\n<td><\/td>\n<td>GOOGLE<\/td>\n<td><a href=\"https:\/\/plus.google.com\/+CraigswappWashingtonAttorney\/about\" target=\"_blank\" rel=\"noopener noreferrer\">ver revistas<\/a><\/td>\n<\/tr>\n<tr>\n<td><\/td>\n<td>YELLOW PAGES<\/td>\n<td><a href=\"http:\/\/www.yellowpages.com\/search?search_terms=craig-swapp-associates&amp;geo_location_terms=sandy-ut\" target=\"_blank\" rel=\"noopener noreferrer\">ver revistas<\/a><\/td>\n<\/tr>\n<tr>\n<td><\/td>\n<td>CITY SEARCH<\/td>\n<td><a href=\"https:\/\/utah.citysearch.com\/profile\/604424392\/sandy_ut\/craig_swapp_associates.html\" target=\"_blank\" rel=\"noopener noreferrer\">ver revistas<\/a><\/td>\n<\/tr>\n<tr>\n<td><\/td>\n<td>INSIDER PAGES<\/td>\n<td><i class=\"fa fa-map-marker\"><\/i>ver revistas<\/td>\n<\/tr>\n<tr>\n<td><\/td>\n<td>Avvo<\/td>\n<td>ver revistas<\/td>\n<\/tr>\n<\/tbody>\n<\/table>\n<h3><i class=\"fa fa-comments fa-4x\"><\/i> Escuche lo que dicen nuestros clientes:<\/h3>\n<p>Todos los abogados han sido de gran ayuda. Una vez al mes me llamaban para informarme sobre cualquier informaci\u00f3n nueva, sent\u00ed que est\u00e1n trabajando para m\u00ed. Le dir\u00e9 a la gente sobre Craig Swapp. Gracias.<\/p>\n<p>&nbsp;<\/p>\n<h2>Craig Swapp<\/h2>\n<p>Craig Swapp and Associates<br \/>\nAbogado de lesiones personales<br \/>\nUtah<br \/>\nUnited States<br \/>\n<i class=\"fa fa-envelope-o\"><\/i> <a href=\"mailto:info@craigswapp.com\" rel=\"nofollow\">info@craigswapp.com<\/a><br \/>\n<i class=\"fa fa-phone\"><\/i> <a href=\"tel:8004049000\" rel=\"nofollow\">1-855-628-5050<\/a><\/p>\n","protected":false},"excerpt":{"rendered":"<p>Como abogado de lesiones personales en Utah, nuestro objetivo es proteger sus derechos. Despu\u00e9s de sufrir un accidente automovil\u00edstico, tiene derecho a presentar una demanda [&hellip;]<\/p>\n","protected":false},"author":2,"featured_media":0,"parent":0,"menu_order":0,"comment_status":"closed","ping_status":"closed","template":"","meta":{"_acf_changed":false,"inline_featured_image":false,"footnotes":""},"class_list":["post-3873","page","type-page","status-publish","hentry"],"acf":[],"_links":{"self":[{"href":"https:\/\/craigswapp.com\/spanish\/wp-json\/wp\/v2\/pages\/3873","targetHints":{"allow":["GET"]}}],"collection":[{"href":"https:\/\/craigswapp.com\/spanish\/wp-json\/wp\/v2\/pages"}],"about":[{"href":"https:\/\/craigswapp.com\/spanish\/wp-json\/wp\/v2\/types\/page"}],"author":[{"embeddable":true,"href":"https:\/\/craigswapp.com\/spanish\/wp-json\/wp\/v2\/users\/2"}],"replies":[{"embeddable":true,"href":"https:\/\/craigswapp.com\/spanish\/wp-json\/wp\/v2\/comments?post=3873"}],"version-history":[{"count":1,"href":"https:\/\/craigswapp.com\/spanish\/wp-json\/wp\/v2\/pages\/3873\/revisions"}],"predecessor-version":[{"id":11223,"href":"https:\/\/craigswapp.com\/spanish\/wp-json\/wp\/v2\/pages\/3873\/revisions\/11223"}],"wp:attachment":[{"href":"https:\/\/craigswapp.com\/spanish\/wp-json\/wp\/v2\/media?parent=3873"}],"curies":[{"name":"wp","href":"https:\/\/api.w.org\/{rel}","templated":true}]}}