{"id":3698,"date":"2016-03-31T00:52:00","date_gmt":"2016-03-31T00:52:00","guid":{"rendered":"http:\/\/craigswapp1.wpengine.com\/?page_id=3698"},"modified":"2021-05-10T13:50:30","modified_gmt":"2021-05-10T13:50:30","slug":"meridian","status":"publish","type":"page","link":"https:\/\/craigswapp.com\/spanish\/meridian\/","title":{"rendered":"Abogado de Lesiones Personales en Meridian"},"content":{"rendered":"<p>\nTodo el mundo ha resultado herido en alg\u00fan momento de su vida. Desde una rodilla raspada hasta caerse de una bicicleta, incidentes como estos son comunes a lo largo de la vida. Sin embargo, vivir con una lesi\u00f3n debido a la negligencia de otro puede ser una experiencia dolorosa y abrumadora con consecuencias que alteran la vida.<\/p>\n<p>Muchas lesiones resultantes de negligencia ocurren debido a la falta de seguridad o las acciones imprudentes de otros. La mayor\u00eda de las veces, estas lesiones son evitables si las precauciones de seguridad se toman en serio y responsable. Cuando se lesiona debido a la negligencia de otra persona, las devastadoras consecuencias f\u00edsicas y financieras pueden cambiar la vida.<\/p>\n<p>Cuando sufre de una lesi\u00f3n debido a la descuidada negligencia de otro, un experto abogado de lesiones personales en Meridian de <a href=\"https:\/\/craigswapp.com\/spanish\/\">Craig Swapp &amp; Associates<\/a>\u00a0luchar\u00e1 por su derecho legal a recuperar los da\u00f1os.<\/p>\n<p>&nbsp;<\/p>\n<h2>Tipos de Lesiones Personales en Idaho<\/h2>\n<p>Aunque muchos accidentes resultan en lesiones menores, muchos son lo suficientemente graves como para requerir rehabilitaci\u00f3n y tratamiento a largo plazo e incluso durante toda la vida. Hay muchos tipos de accidentes que causan lesiones personales, y un abogado de lesiones personales en Meridian de nuestra oficina puede ayudarle con todos ellos:<\/p>\n<ul>\n<li style=\"font-weight: 400;\">Accidentes de carro<\/li>\n<li style=\"font-weight: 400;\">Accidentes de cami\u00f3n<\/li>\n<li style=\"font-weight: 400;\">Accidentes de motocicleta<\/li>\n<li style=\"font-weight: 400;\">Accidentes de bicicleta<\/li>\n<li style=\"font-weight: 400;\">Accidentes de construcci\u00f3n<\/li>\n<li style=\"font-weight: 400;\">Accidentes de resbalar y caer<\/li>\n<li style=\"font-weight: 400;\">Exposici\u00f3n a productos qu\u00edmicos t\u00f3xicos<\/li>\n<li style=\"font-weight: 400;\">Accidentes del guarder\u00eda<\/li>\n<li style=\"font-weight: 400;\">Productos defectivos<\/li>\n<li style=\"font-weight: 400;\">Mordeduras de perro<\/li>\n<li style=\"font-weight: 400;\">Responsabilidad del edificio<\/li>\n<li style=\"font-weight: 400;\">Negligencia m\u00e9dica<\/li>\n<li style=\"font-weight: 400;\">Abuso en casa de ancianos<\/li>\n<\/ul>\n<p>&nbsp;<\/p>\n<h2>\u00bfQu\u00e9 Puedo Recuperar en un Caso de Lesiones Personales?<\/h2>\n<p>Miles de accidentes ocurren todos los d\u00edas en Idaho. Cuando usted est\u00e1 lesionado debido al acto negligente de otra persona, legalmente tiene derecho a presentar una demanda contra la persona, negocio o agencia responsable de causar su lesi\u00f3n. Las v\u00edctimas suelen ser capaces de recibir una compensaci\u00f3n por todos los gastos relacionados con el accidente y los da\u00f1os enumerados a continuaci\u00f3n:<\/p>\n<ul>\n<li style=\"font-weight: 400;\">Ingresos perdidos<\/li>\n<li style=\"font-weight: 400;\">P\u00e9rdida de ingresos futuros<\/li>\n<li style=\"font-weight: 400;\">Facturas medicas<\/li>\n<li style=\"font-weight: 400;\">Medicamentos recetados<\/li>\n<li style=\"font-weight: 400;\">Gastos de rehabilitaci\u00f3n y fisioterapia<\/li>\n<li style=\"font-weight: 400;\">Dolor y sufrimiento<\/li>\n<\/ul>\n<p>La presentaci\u00f3n de una reclamaci\u00f3n por lesiones personales puede ser un proceso tedioso y desafiante. Un abogado de lesiones personales en Meridian de nuestra firma entender\u00e1 los complejos asuntos legales involucrados y negociar\u00e1 agresivamente con las compa\u00f1\u00edas de seguros para que pueda recuperarse de su lesi\u00f3n.<\/p>\n<p>El objetivo de las compa\u00f1\u00edas de seguros es resolver su caso al menor costo posible. Dado que las v\u00edctimas heridas son vulnerables debido al abrumador estr\u00e9s y ansiedad que normalmente acompa\u00f1a a una lesi\u00f3n f\u00edsica, lo mejor es retener a un abogado de lesiones personales en Meridian antes de aceptar cualquier tipo de arreglo.<\/p>\n<p>&nbsp;<\/p>\n<h2>Deje que un Abogado de Lesiones Personales en Meridian le Ayude<\/h2>\n<p>Si bien no hay nada que puede quitar el dolor y el estr\u00e9s de un accidente o lesi\u00f3n, es posible perseguir y recuperar la compensaci\u00f3n a trav\u00e9s de una reclamaci\u00f3n de lesiones personales con un experimentado abogado de lesiones personales en Meridian.<\/p>\n<p>Una y otra vez, los residentes de Meridian\u00a0<a href=\"https:\/\/birdeye.com\/craig-swapp-associates-147042625253278\" target=\"_blank\" rel=\"noopener noreferrer\">escogen Craig Swapp &amp; Associates<\/a>\u00a0para sus casos de lesiones personales. Luchamos agresivamente por los derechos de nuestros clientes con conocimiento y dedicaci\u00f3n.<\/p>\n<p>Si usted o un ser querido ha sufrido una lesi\u00f3n debido a la negligencia de otro, usted necesitar\u00e1 un abogado de lesiones personales en Meridian de Craig Swapp &amp; Associates. Entendemos c\u00f3mo obtener la m\u00e1xima compensaci\u00f3n por su reclamo y estamos comprometidos a proporcionarle una representaci\u00f3n legal apasionada y h\u00e1bil. P\u00f3ngase en contacto con nuestros abogados altamente cualificados en Meridian de lesiones personales hoy para una evaluaci\u00f3n gratuita del caso llamando al\u00a0<a href=\"tel:18004049000\">1-855-628-5050<\/a>\u00a0o enviar el formulario a continuaci\u00f3n.<\/p>\n","protected":false},"excerpt":{"rendered":"<p>Todo el mundo ha resultado herido en alg\u00fan momento de su vida. Desde una rodilla raspada hasta caerse de una bicicleta, incidentes como estos son [&hellip;]<\/p>\n","protected":false},"author":2,"featured_media":0,"parent":0,"menu_order":0,"comment_status":"closed","ping_status":"closed","template":"","meta":{"_acf_changed":false,"inline_featured_image":false,"footnotes":""},"class_list":["post-3698","page","type-page","status-publish","hentry"],"acf":[],"_links":{"self":[{"href":"https:\/\/craigswapp.com\/spanish\/wp-json\/wp\/v2\/pages\/3698","targetHints":{"allow":["GET"]}}],"collection":[{"href":"https:\/\/craigswapp.com\/spanish\/wp-json\/wp\/v2\/pages"}],"about":[{"href":"https:\/\/craigswapp.com\/spanish\/wp-json\/wp\/v2\/types\/page"}],"author":[{"embeddable":true,"href":"https:\/\/craigswapp.com\/spanish\/wp-json\/wp\/v2\/users\/2"}],"replies":[{"embeddable":true,"href":"https:\/\/craigswapp.com\/spanish\/wp-json\/wp\/v2\/comments?post=3698"}],"version-history":[{"count":1,"href":"https:\/\/craigswapp.com\/spanish\/wp-json\/wp\/v2\/pages\/3698\/revisions"}],"predecessor-version":[{"id":11036,"href":"https:\/\/craigswapp.com\/spanish\/wp-json\/wp\/v2\/pages\/3698\/revisions\/11036"}],"wp:attachment":[{"href":"https:\/\/craigswapp.com\/spanish\/wp-json\/wp\/v2\/media?parent=3698"}],"curies":[{"name":"wp","href":"https:\/\/api.w.org\/{rel}","templated":true}]}}