{"id":145,"date":"2014-08-15T17:16:33","date_gmt":"2014-08-15T17:16:33","guid":{"rendered":"http:\/\/50.28.86.182\/~craigswapp\/?page_id=145"},"modified":"2021-05-06T16:56:16","modified_gmt":"2021-05-06T16:56:16","slug":"abogado-accidente-camion-salt-lake-city","status":"publish","type":"page","link":"https:\/\/craigswapp.com\/spanish\/abogado-accidente-camion-salt-lake-city\/","title":{"rendered":"Abogado de accidentes de camiones en Salt Lake City"},"content":{"rendered":"<p>\nCon hasta 80.000 libras y hasta 60 pies de ancho, los camiones comerciales pueden ser una vista imponente en las carreteras de Utah. Debido a su gran tama\u00f1o y peso, los accidentes entre camiones comerciales y\u00a0<a href=\"https:\/\/craigswapp.com\/spanish\/abogado-de-accidentes-de-carro-de-salt-lake-city\/\">carros<\/a>\u00a0y\u00a0<a href=\"https:\/\/craigswapp.com\/spanish\/abogado-de-accidente-de-motocicleta-en-salt-lake-city\/\">motocicletas<\/a>\u00a0 a menudo tienen consecuencias devastadoras, m\u00e1s que cualquier otro tipo de accidente automovil\u00edstico. Los choques mismos son a menudo catastr\u00f3ficos, llevando a lesiones graves y la muerte.<\/p>\n<p>Sufrir lesiones de un accidente de cami\u00f3n puede ser una experiencia desgarradora. Desde el dolor f\u00edsico hasta las cicatrices emocionales, un experimentado abogado de accidentes de camiones de Salt Lake City de Craig Swapp &amp; Associates ser\u00e1 crucial para permitirle recuperar los da\u00f1os que merece.<\/p>\n<p>&nbsp;<\/p>\n<h2>Tipos de accidentes de camiones en Salt Lake City<\/h2>\n<p>Varios differentes\u00a0tipos de los accidentes que afectan a los camiones de gran tama\u00f1o puede ocurrir en funci\u00f3n del comportamiento del conductor, el mantenimiento del cami\u00f3n, el clima y una serie de otros factores:<\/p>\n<ul>\n<li style=\"font-weight: 400;\">Rotura de neum\u00e1tticos<\/li>\n<li style=\"font-weight: 400;\">Hacer la tijera<\/li>\n<li style=\"font-weight: 400;\">Bajo el paseo<\/li>\n<li style=\"font-weight: 400;\">Vuelco de camiones<\/li>\n<li style=\"font-weight: 400;\">Accidentes de giros oscilantes<\/li>\n<li style=\"font-weight: 400;\">Cargas perdidas<\/li>\n<li style=\"font-weight: 400;\">Sobrecargas<\/li>\n<\/ul>\n<p>El tipo de accidente de cami\u00f3n en el que estuviera ayudar\u00eda a su abogado de accidentes de cami\u00f3n en Salt Lake City a determinar qui\u00e9n era culpable del accidente y por lo tanto, qui\u00e9n le debe una compensaci\u00f3n. Por ejemplo, un estallido de un neum\u00e1tico podr\u00eda indicar que el neum\u00e1tico estaba defectuoso, lo que significaba que el fabricante ten\u00eda la culpa, o que el cami\u00f3n llevaba demasiado peso, haciendo que quien cargaba la carga en falta.<\/p>\n<p>&nbsp;<\/p>\n<h2>Causas comunes de los accidentes de camiones comerciales en Utah<\/h2>\n<p>Seg\u00fan la\u00a0<a href=\"https:\/\/www.fmcsa.dot.gov\/safety\/research-and-analysis\/large-truck-crash-causation-study-analysis-brief\" target=\"_blank\" rel=\"noopener noreferrer\">Administraci\u00f3n Federal de Seguridad de Transportistas (FMCSA)<\/a>, el error del conductor es la causa n\u00famero uno de accidentes de camiones, de conducci\u00f3n distra\u00edda a quedarse dormido al volante o conducir demasiado cerca de otros automovilistas.<\/p>\n<p>Los accidentes de camiones en Salt Lake City pueden ser causados por un gran n\u00famero de factores:<\/p>\n<ul>\n<li style=\"font-weight: 400;\"><strong>Conducci\u00f3n distraida<\/strong> \u2013 Al igual que con otros automovilistas, los conductores de camiones a menudo se distraen por sus tel\u00e9fonos, radios y otras cosas, que a su vez conducen a accidentes.<\/li>\n<li style=\"font-weight: 400;\"><strong>Exceso de velocidad<\/strong>\u00a0\u2013 El exceso de velocidad en un veh\u00edculo tan grande es excepcionalmente arriesgado, ya que perder el control f\u00e1cilmente podr\u00eda causar consecuencias desastrosas.<\/li>\n<li style=\"font-weight: 400;\"><strong>Fatiga y somnolencia<\/strong> \u2013 La conducci\u00f3n fatigada es una causa frecuente de accidentes de camiones. Los conductores a menudo viajan largas distancias, a veces van m\u00e1s tiempo entre los descansos de lo que legalmente se les permite<\/li>\n<li style=\"font-weight: 400;\"><strong>Condiciones peligrosas en la carretera<\/strong>\u00a0\u2013 Cuando un camino en mal estado contribuye a un accidente, puede hacer para un momento dif\u00edcil cuando se determina la falla. Estas situaciones a menudo involucran a las agencias gubernamentales responsables del mantenimiento de la carretera, por lo que trabajar con un experimentado abogado de accidentes de camiones en Salt Lake City es muy aconsejable.<\/li>\n<li style=\"font-weight: 400;\"><strong>Falla mec\u00e1nica y piezas defectuosas<\/strong> \u2013 Cuando los frenos fallan o las restricciones de carga se sueltan, los accidentes suelen seguir. El fabricante o instalador es a menudo culpable en estas situaciones.<\/li>\n<li style=\"font-weight: 400;\"><strong>Conducci\u00f3n borracha o drogada<\/strong> \u2013 Un acto de negligencia grave, la conducci\u00f3n intoxicado en un veh\u00edculo tan masiva pone a todos en el camino en peligro.<\/li>\n<\/ul>\n<p>&nbsp;<\/p>\n<h2>Lesiones comunes de los accidentes de camiones en Salt Lake City<\/h2>\n<p>Lesiones\u00a0de los accidentes de camiones comerciales pueden ser f\u00edsicos, psicol\u00f3gicos, temporales o permanentes y pueden requerir un tratamiento m\u00e9dico extensivo y rehabilitaci\u00f3n.<\/p>\n<p>Lesiones cerebrales traum\u00e1ticas (TBI)\u00a0y\u00a0lesiones en la columna vertebral\u00a0son particularmente comunes. Ambas lesiones pueden resultar en discapacidades permanentes y cambios dram\u00e1ticos para su vida.<\/p>\n<p>Huesos rotos\u00a0son tambi\u00e9n bastante comunes, especialmente a los brazos y las piernas. En los accidentes especialmente malos, a veces se producen amputaciones, ya sean traum\u00e1ticas o quir\u00fargicas. Mientras que un hueso roto suele sanar muy bien, todav\u00eda casi seguramente afectar\u00e1 su vida y sus finanzas en el corto plazo, y una amputaci\u00f3n irrevocablemente cambiar\u00e1 su vida.<\/p>\n<p>Because truck accidents are so chaotic and violent, emotional trauma such as post-traumatic stress disorder (PTSD) and <a href=\"https:\/\/www.nimh.nih.gov\/health\/topics\/anxiety-disorders\/index.shtml\" target=\"_blank\" rel=\"noopener noreferrer\">anxiety<\/a> also occur with regularity. These injuries may not be visible to the naked eye, but the impact they\u2019ll have on your life is very real indeed. Your Salt Lake City truck accident lawyer will make certain that they are factored into your settlement.<\/p>\n<p>&nbsp;<\/p>\n<h2>Qui\u00e9n caus\u00f3 su accidente de cami\u00f3n<\/h2>\n<p>Debido a que hay muchos factores que contribuyen y componentes involucrados en accidentes de camiones, puede haber varios grupos que pueden ser\u00a0responsables\u00a0por el accidente. Un abogado de accidentes de camiones de Salt Lake City de nuestra oficina puede determinar qu\u00e9 grupos son responsables para que usted pueda nombrarlos en su\u00a0<a href=\"https:\/\/craigswapp.com\/spanish\/salt-lake-city\/\">reclamo de lesion personal<\/a>.<\/p>\n<p>Cualquier persona que contribuy\u00f3 a causar el accidente de cami\u00f3n puede ser considerado responsable:<\/p>\n<ul>\n<li style=\"font-weight: 400;\">Conductor del cami\u00f3n<\/li>\n<li style=\"font-weight: 400;\">Compa\u00f1\u00eda del cami\u00f3n<\/li>\n<li style=\"font-weight: 400;\">Fabricante del cami\u00f3n<\/li>\n<li style=\"font-weight: 400;\">Fabricante de los partes del cami\u00f3n<\/li>\n<li style=\"font-weight: 400;\">Cargador<\/li>\n<li style=\"font-weight: 400;\">Empresa de mantenimiento<\/li>\n<li style=\"font-weight: 400;\">Entidad gubernamental o empresa responsable de mantener una carretera<\/li>\n<\/ul>\n<p>Un experto abogado de accidentes de camiones de Salt Lake City con nuestros recursos de investigaci\u00f3n puede ayudarle a determinar qu\u00e9 partes son responsables y la cantidad de da\u00f1os que podr\u00eda ser elegible para.<\/p>\n<h2>Compensaci\u00f3n monetaria por da\u00f1os de su accidente de cami\u00f3n<\/h2>\n<p>C\u00e1lculo exacto del\u00a0valor de una\u00a0reclamacion\u00a0es f\u00e1cilmente uno de los pasos m\u00e1s desafiantes de cualquier demanda de lesi\u00f3n. Usted puede contar con compa\u00f1\u00edas de seguros y abogados que se oponen para ofrecerle lo menos posible en la esperanza de que usted se conformar\u00e1 con menos de lo que deber\u00eda. Esta es la raz\u00f3n por la cual es tan importante trabajar desde el principio con un abogado de accidentes de camiones de Salt Lake City.<\/p>\n<p>Usted podr\u00eda recuperar da\u00f1os por cualquier lesi\u00f3n o p\u00e9rdida que haya experimentado debido al accidente. Las facturas m\u00e9dicas actuales y futuras constituir\u00e1n una porci\u00f3n significativa de su monto de liquidaci\u00f3n, y tendremos que trabajar en estrecha colaboraci\u00f3n con su m\u00e9dico para llegar a una evaluaci\u00f3n precisa.<\/p>\n<p>Cualquier salario o ingreso que haya perdido durante su recuperaci\u00f3n tambi\u00e9n tendr\u00e1 que ser compensado, al igual que cualquier gasto adicional que haya incurrido como reparaciones de veh\u00edculos, honorarios de cuidadores, terapia f\u00edsica y emocional, costos de transporte y modificaciones hechas en su casa para acomodar cualquier nuevas discapacidades.<\/p>\n<p>Finalmente, sus da\u00f1os no econ\u00f3micos tambi\u00e9n deben ser tomados en cuenta. Esto incluye su dolor y sufrimiento, da\u00f1o hecho a su matrimonio y otras relaciones, y cualquier otro efecto negativo que el accidente ha causado a su vida.<\/p>\n<p>&nbsp;<\/p>\n<h2>Preguntas frecuentes sobre accidentes de camiones en Salt Lake City<\/h2>\n<p>Sin duda, usted tendr\u00e1 una serie de preguntas y preocupaciones en el tiempo que sigue a su\u00a0accidente de camion. Estas son respuestas a algunas de las\u00a0preguntas\u00a0que recibimos a menudo, pero un abogado de accidentes de camiones de Salt Lake City de nuestra oficina estar\u00e1 encantado de atender cualquier otra preocupaci\u00f3n que pueda tener.<\/p>\n<h3>\u00bfPuedo demandar por muerte injusta si mi familiar muri\u00f3 en un accidente de cami\u00f3n?<\/h3>\n<p>Esto depende de c\u00f3mo estuviera usted relacionado con la v\u00edctima. Los c\u00f3nyuges, los hijos adultos, los padres y el representante personal de la finca pueden presentar, mientras que los hijastros y otros parientes pueden presentar por\u00a0muerte injusta\u00a0bajo algunas condiciones.<\/p>\n<h3>\u00bfQu\u00e9 es un accidente de cami\u00f3n giratorio?<\/h3>\n<p>Debido al tama\u00f1o de los camiones comerciales y su falta de maniobrabilidad, los conductores de camiones a menudo tienen que hacer amplios giros que \u00abgirar\u00bb en otro carril. Los conductores que no pueden comprobar sus puntos ciegos pueden causar un accidente al hacer una de estas maniobras.<\/p>\n<h3>\u00bfQu\u00e9 puedo hacer si me hirieron en un accidente de cami\u00f3n de golpe y corrida?<\/h3>\n<p>Realmente no es raro que los camioneros no se den cuenta de que han golpeado a alguien. Rasgu\u00f1os de pintura en su veh\u00edculo, video de seguridad y testigos oculares pueden todos ser capaces de ayudarnos a localizar al conductor del cami\u00f3n que le golpe\u00f3.<\/p>\n<h2>Un abogado de accidentes de camiones en Salt Lake City puede ayudarle<\/h2>\n<p>Si usted ha sufrido lesiones en un accidente de un tractor-remolque, un experimentado abogado de accidentes de camiones de Salt Lake City de\u00a0<a href=\"https:\/\/craigswapp.com\/spanish\/\">Craig Swapp &amp; Associates<\/a>\u00a0puede ayudarle a trav\u00e9s de este momento dif\u00edcil. No hay duda de que usted ha pasado por un evento que fue f\u00edsica, emocional y financieramente traumatizante, as\u00ed que vamos a tratar los obst\u00e1culos legales para usted.<\/p>\n<p>Usted puede\u00a0<a href=\"https:\/\/birdeye.com\/craig-swapp-associates-147042625253278\" target=\"_blank\" rel=\"noopener noreferrer\">confiar en nosotros<\/a>\u00a0para luchar agresivamente por sus derechos legales con el fin de recuperar la compensaci\u00f3n m\u00e1xima posible para su caso. Llame hoy mismo al\u00a0<a href=\"tel:18004049000\">1-855-628-5050<\/a>\u00a0o complete el siguiente formulario para programar su consulta gratuita y sin compromiso con un abogado de accidente de camiones en Salt Lake City.<\/p>\n","protected":false},"excerpt":{"rendered":"<p>Con hasta 80.000 libras y hasta 60 pies de ancho, los camiones comerciales pueden ser una vista imponente en las carreteras de Utah. Debido a [&hellip;]<\/p>\n","protected":false},"author":2,"featured_media":0,"parent":0,"menu_order":0,"comment_status":"open","ping_status":"open","template":"","meta":{"_acf_changed":false,"inline_featured_image":false,"footnotes":""},"class_list":["post-145","page","type-page","status-publish","hentry"],"acf":[],"_links":{"self":[{"href":"https:\/\/craigswapp.com\/spanish\/wp-json\/wp\/v2\/pages\/145","targetHints":{"allow":["GET"]}}],"collection":[{"href":"https:\/\/craigswapp.com\/spanish\/wp-json\/wp\/v2\/pages"}],"about":[{"href":"https:\/\/craigswapp.com\/spanish\/wp-json\/wp\/v2\/types\/page"}],"author":[{"embeddable":true,"href":"https:\/\/craigswapp.com\/spanish\/wp-json\/wp\/v2\/users\/2"}],"replies":[{"embeddable":true,"href":"https:\/\/craigswapp.com\/spanish\/wp-json\/wp\/v2\/comments?post=145"}],"version-history":[{"count":1,"href":"https:\/\/craigswapp.com\/spanish\/wp-json\/wp\/v2\/pages\/145\/revisions"}],"predecessor-version":[{"id":10767,"href":"https:\/\/craigswapp.com\/spanish\/wp-json\/wp\/v2\/pages\/145\/revisions\/10767"}],"wp:attachment":[{"href":"https:\/\/craigswapp.com\/spanish\/wp-json\/wp\/v2\/media?parent=145"}],"curies":[{"name":"wp","href":"https:\/\/api.w.org\/{rel}","templated":true}]}}